Last updated on 2023-10-04 20:42:32 CEST.
Flavor | Version | Tinstall | Tcheck | Ttotal | Status | Flags |
---|---|---|---|---|---|---|
r-devel-linux-x86_64-debian-clang | 2.0 | 74.98 | 152.58 | 227.56 | NOTE | |
r-devel-linux-x86_64-debian-gcc | 2.0 | 57.13 | 110.52 | 167.65 | NOTE | |
r-devel-linux-x86_64-fedora-clang | 2.0 | 284.56 | NOTE | |||
r-devel-linux-x86_64-fedora-gcc | 2.0 | 289.11 | NOTE | |||
r-devel-windows-x86_64 | 2.0 | 56.00 | 129.00 | 185.00 | NOTE | |
r-patched-linux-x86_64 | 2.0 | 62.16 | 143.77 | 205.93 | NOTE | |
r-release-linux-x86_64 | 2.0 | 62.42 | 147.90 | 210.32 | NOTE | |
r-release-macos-arm64 | 2.0 | 72.00 | NOTE | |||
r-release-macos-x86_64 | 2.0 | 127.00 | NOTE | |||
r-release-windows-x86_64 | 2.0 | 73.00 | 159.00 | 232.00 | NOTE | |
r-oldrel-macos-arm64 | 2.0 | 61.00 | OK | |||
r-oldrel-macos-x86_64 | 2.0 | 87.00 | OK | |||
r-oldrel-windows-x86_64 | 2.0 | 69.00 | 157.00 | 226.00 | OK |
Version: 2.0
Check: C++ specification
Result: NOTE
Specified C++11: please drop specification unless essential
Flavors: r-devel-linux-x86_64-debian-clang, r-devel-linux-x86_64-debian-gcc, r-devel-linux-x86_64-fedora-clang, r-devel-linux-x86_64-fedora-gcc, r-devel-windows-x86_64, r-patched-linux-x86_64, r-release-linux-x86_64, r-release-macos-arm64, r-release-macos-x86_64, r-release-windows-x86_64