Last updated on 2023-04-01 07:10:43 CEST.
Flavor | Version | Tinstall | Tcheck | Ttotal | Status | Flags |
---|---|---|---|---|---|---|
r-devel-linux-x86_64-debian-clang | 0.8.6 | 3.51 | 61.39 | 64.90 | OK | |
r-devel-linux-x86_64-debian-gcc | 0.8.6 | 2.79 | 47.21 | 50.00 | OK | |
r-devel-linux-x86_64-fedora-clang | 0.8.6 | 80.13 | OK | |||
r-devel-linux-x86_64-fedora-gcc | 0.8.6 | 107.29 | OK | |||
r-devel-windows-x86_64 | 0.8.6 | 130.00 | 0.00 | 130.00 | FAIL | |
r-patched-linux-x86_64 | 0.8.6 | 2.99 | 58.18 | 61.17 | OK | |
r-release-linux-x86_64 | 0.8.6 | 2.07 | 58.88 | 60.95 | OK | |
r-release-macos-arm64 | 0.8.6 | 41.00 | OK | |||
r-release-macos-x86_64 | 0.8.6 | 75.00 | OK | |||
r-release-windows-x86_64 | 0.8.6 | 77.00 | 118.00 | 195.00 | OK | |
r-oldrel-macos-arm64 | 0.8.6 | 51.00 | OK | |||
r-oldrel-macos-x86_64 | 0.8.6 | 47.00 | OK | |||
r-oldrel-windows-ix86+x86_64 | 0.8.6 | 9.00 | 125.00 | 134.00 | OK |
Version: 0.8.6
Check: examples
Result: ERROR
Running massageExamples to create 'markmyassignment-Ex.R' failed
NONE
Flavor: r-devel-windows-x86_64
Version: 0.8.6
Check: for unstated dependencies in ‘tests’
Result: FAIL
Flavor: r-devel-windows-x86_64