Last updated on 2024-03-29 00:50:53 CET.
Flavor | Version | Tinstall | Tcheck | Ttotal | Status | Flags |
---|---|---|---|---|---|---|
r-devel-linux-x86_64-debian-clang | 1.1.5 | 86.85 | 278.32 | 365.17 | OK | |
r-devel-linux-x86_64-debian-gcc | 1.1.5 | 63.94 | 206.22 | 270.16 | OK | |
r-devel-linux-x86_64-fedora-clang | 1.1.5 | 447.75 | OK | |||
r-devel-linux-x86_64-fedora-gcc | 1.1.5 | 470.82 | OK | |||
r-devel-windows-x86_64 | 1.1.5 | 61.00 | 289.00 | 350.00 | OK | |
r-patched-linux-x86_64 | 1.1.5 | 93.59 | 277.24 | 370.83 | OK | |
r-release-linux-x86_64 | 1.1.5 | 88.94 | 272.92 | 361.86 | OK | |
r-release-macos-arm64 | 1.1.5 | 143.00 | NOTE | |||
r-release-macos-x86_64 | 1.1.5 | 322.00 | NOTE | |||
r-release-windows-x86_64 | 1.1.5 | 83.00 | 365.00 | 448.00 | OK | |
r-oldrel-macos-arm64 | 1.1.5 | 151.00 | NOTE | |||
r-oldrel-windows-x86_64 | 1.1.5 | 82.00 | 359.00 | 441.00 | OK |
Version: 1.1.5
Check: installed package size
Result: NOTE
installed size is 5.3Mb
sub-directories of 1Mb or more:
libs 3.4Mb
Flavors: r-release-macos-arm64, r-release-macos-x86_64, r-oldrel-macos-arm64