Last updated on 2023-03-26 21:54:39 CEST.
Flavor | Version | Tinstall | Tcheck | Ttotal | Status | Flags |
---|---|---|---|---|---|---|
r-devel-linux-x86_64-debian-clang | 1.1.4 | 78.72 | 280.82 | 359.54 | OK | |
r-devel-linux-x86_64-debian-gcc | 1.1.4 | 72.13 | 205.95 | 278.08 | OK | |
r-devel-linux-x86_64-fedora-clang | 1.1.4 | 462.73 | OK | |||
r-devel-linux-x86_64-fedora-gcc | 1.1.4 | 469.13 | OK | |||
r-patched-linux-x86_64 | 1.1.4 | 71.84 | 270.45 | 342.29 | OK | |
r-release-linux-x86_64 | 1.1.4 | 75.36 | 270.38 | 345.74 | OK | |
r-release-macos-arm64 | 1.1.4 | 131.00 | NOTE | |||
r-release-macos-x86_64 | 1.1.4 | 151.00 | NOTE | |||
r-release-windows-x86_64 | 1.1.4 | 148.00 | 413.00 | 561.00 | OK | |
r-oldrel-macos-arm64 | 1.1.4 | 132.00 | NOTE | |||
r-oldrel-macos-x86_64 | 1.1.4 | 158.00 | NOTE | |||
r-oldrel-windows-ix86+x86_64 | 1.1.4 | 144.00 | 413.00 | 557.00 | OK |
Version: 1.1.4
Check: installed package size
Result: NOTE
installed size is 5.6Mb
sub-directories of 1Mb or more:
libs 3.4Mb
Flavors: r-release-macos-arm64, r-release-macos-x86_64, r-oldrel-macos-arm64, r-oldrel-macos-x86_64