CRAN Package Check Results for Package markdownInput

Last updated on 2022-06-27 21:51:23 CEST.

Flavor Version Tinstall Tcheck Ttotal Status Flags
r-devel-linux-x86_64-debian-clang 0.1.2 3.49 37.49 40.98 NOTE
r-devel-linux-x86_64-debian-gcc 0.1.2 2.31 28.80 31.11 NOTE
r-devel-linux-x86_64-fedora-clang 0.1.2 58.96 NOTE
r-devel-linux-x86_64-fedora-gcc 0.1.2 57.87 NOTE
r-devel-windows-x86_64 0.1.2 16.00 63.00 79.00 NOTE
r-patched-linux-x86_64 0.1.2 3.48 35.99 39.47 NOTE
r-release-linux-x86_64 0.1.2 3.38 35.61 38.99 NOTE
r-release-macos-arm64 0.1.2 19.00 NOTE
r-release-macos-x86_64 0.1.2 33.00 NOTE
r-release-windows-x86_64 0.1.2 15.00 71.00 86.00 NOTE
r-oldrel-macos-arm64 0.1.2 21.00 NOTE
r-oldrel-macos-x86_64 0.1.2 30.00 NOTE
r-oldrel-windows-ix86+x86_64 0.1.2 15.00 58.00 73.00 NOTE

Check Details

Version: 0.1.2
Check: LazyData
Result: NOTE
     'LazyData' is specified without a 'data' directory
Flavors: r-devel-linux-x86_64-debian-clang, r-devel-linux-x86_64-debian-gcc, r-devel-linux-x86_64-fedora-clang, r-devel-linux-x86_64-fedora-gcc, r-devel-windows-x86_64, r-patched-linux-x86_64, r-release-linux-x86_64, r-release-macos-arm64, r-release-macos-x86_64, r-release-windows-x86_64, r-oldrel-macos-arm64, r-oldrel-macos-x86_64, r-oldrel-windows-ix86+x86_64