CRAN Package Check Results for Package maptpx

Last updated on 2023-03-31 21:53:07 CEST.

Flavor Version Tinstall Tcheck Ttotal Status Flags
r-devel-linux-x86_64-debian-clang 1.9-7 5.17 30.51 35.68 OK
r-devel-linux-x86_64-debian-gcc 1.9-7 3.62 23.39 27.01 OK
r-devel-linux-x86_64-fedora-clang 1.9-7 44.57 OK
r-devel-linux-x86_64-fedora-gcc 1.9-7 44.28 OK
r-devel-windows-x86_64 1.9-7 10.00 0.00 10.00 FAIL
r-patched-linux-x86_64 1.9-7 4.26 29.47 33.73 OK
r-release-linux-x86_64 1.9-7 4.41 30.05 34.46 OK
r-release-macos-arm64 1.9-7 19.00 OK
r-release-macos-x86_64 1.9-7 26.00 OK
r-release-windows-x86_64 1.9-7 16.00 62.00 78.00 OK
r-oldrel-macos-arm64 1.9-7 22.00 OK
r-oldrel-macos-x86_64 1.9-7 32.00 OK
r-oldrel-windows-ix86+x86_64 1.9-7 15.00 64.00 79.00 OK

Check Details

Version: 1.9-7
Check: whether the namespace can be unloaded cleanly
Result: FAIL
Flavor: r-devel-windows-x86_64