CRAN Package Check Results for Package mapsapi

Last updated on 2022-06-25 05:51:20 CEST.

Flavor Version Tinstall Tcheck Ttotal Status Flags
r-devel-linux-x86_64-debian-clang 0.5.3 3.66 62.48 66.14 OK
r-devel-linux-x86_64-debian-gcc 0.5.3 3.46 47.43 50.89 OK
r-devel-linux-x86_64-fedora-clang 0.5.3 89.24 NOTE
r-devel-linux-x86_64-fedora-gcc 0.5.3 87.58 NOTE
r-devel-windows-x86_64 0.5.3 22.00 108.00 130.00 OK
r-patched-linux-x86_64 0.5.3 4.50 59.89 64.39 OK
r-release-linux-x86_64 0.5.3 3.74 60.65 64.39 OK
r-release-macos-arm64 0.5.3 28.00 NOTE
r-release-macos-x86_64 0.5.3 52.00 NOTE
r-release-windows-x86_64 0.5.3 29.00 101.00 130.00 OK
r-oldrel-macos-arm64 0.5.3 33.00 NOTE
r-oldrel-macos-x86_64 0.5.3 54.00 NOTE
r-oldrel-windows-ix86+x86_64 0.5.3 10.00 89.00 99.00 OK

Check Details

Version: 0.5.3
Check: data for non-ASCII characters
Result: NOTE
     Note: found 55 marked UTF-8 strings
Flavors: r-devel-linux-x86_64-fedora-clang, r-devel-linux-x86_64-fedora-gcc, r-release-macos-arm64, r-release-macos-x86_64, r-oldrel-macos-arm64, r-oldrel-macos-x86_64