Last updated on 2024-04-20 12:51:03 CEST.
Flavor | Version | Tinstall | Tcheck | Ttotal | Status | Flags |
---|---|---|---|---|---|---|
r-devel-linux-x86_64-debian-clang | 0.2.2 | 3.46 | 29.49 | 32.95 | OK | |
r-devel-linux-x86_64-debian-gcc | 0.2.2 | 2.74 | 22.69 | 25.43 | OK | |
r-devel-linux-x86_64-fedora-clang | 0.2.2 | 41.15 | NOTE | |||
r-devel-linux-x86_64-fedora-gcc | 0.2.2 | 40.24 | NOTE | |||
r-prerel-macos-arm64 | 0.2.2 | 39.00 | OK | |||
r-prerel-windows-x86_64 | 0.2.2 | 4.00 | 52.00 | 56.00 | OK | |
r-patched-linux-x86_64 | 0.2.2 | 3.05 | 28.48 | 31.53 | OK | |
r-release-linux-x86_64 | 0.2.2 | 3.76 | 28.84 | 32.60 | OK | |
r-release-macos-arm64 | 0.2.2 | 27.00 | OK | |||
r-release-macos-x86_64 | 0.2.2 | 35.00 | OK | |||
r-release-windows-x86_64 | 0.2.2 | 5.00 | 49.00 | 54.00 | OK | |
r-oldrel-macos-arm64 | 0.2.2 | 27.00 | OK | |||
r-oldrel-windows-x86_64 | 0.2.2 | 7.00 | 52.00 | 59.00 | OK |
Version: 0.2.2
Check: data for non-ASCII characters
Result: NOTE
Note: found 1056 marked UTF-8 strings
Flavors: r-devel-linux-x86_64-fedora-clang, r-devel-linux-x86_64-fedora-gcc