Last updated on 2023-02-06 06:52:01 CET.
Flavor | Version | Tinstall | Tcheck | Ttotal | Status | Flags |
---|---|---|---|---|---|---|
r-devel-linux-x86_64-debian-clang | 0.5.2 | 7.40 | 65.19 | 72.59 | NOTE | |
r-devel-linux-x86_64-debian-gcc | 0.5.2 | 5.10 | 47.87 | 52.97 | NOTE | |
r-devel-linux-x86_64-fedora-clang | 0.5.2 | 97.05 | NOTE | |||
r-devel-linux-x86_64-fedora-gcc | 0.5.2 | 88.42 | NOTE | |||
r-devel-windows-x86_64 | 0.5.2 | 25.00 | 102.00 | 127.00 | NOTE | |
r-patched-linux-x86_64 | 0.5.2 | 7.93 | 61.43 | 69.36 | NOTE | |
r-release-linux-x86_64 | 0.5.2 | 6.91 | 64.36 | 71.27 | NOTE | |
r-release-macos-arm64 | 0.5.2 | 31.00 | NOTE | |||
r-release-macos-x86_64 | 0.5.2 | 52.00 | NOTE | |||
r-release-windows-x86_64 | 0.5.2 | 28.00 | 109.00 | 137.00 | NOTE | |
r-oldrel-macos-arm64 | 0.5.2 | 34.00 | OK | |||
r-oldrel-macos-x86_64 | 0.5.2 | 51.00 | OK | |||
r-oldrel-windows-ix86+x86_64 | 0.5.2 | 18.00 | 94.00 | 112.00 | OK |
Version: 0.5.2
Check: package dependencies
Result: NOTE
Package suggested but not available for checking: ‘scrubr’
Flavors: r-devel-linux-x86_64-debian-clang, r-devel-linux-x86_64-debian-gcc, r-devel-linux-x86_64-fedora-clang, r-devel-linux-x86_64-fedora-gcc, r-devel-windows-x86_64, r-patched-linux-x86_64, r-release-linux-x86_64, r-release-macos-arm64, r-release-macos-x86_64, r-release-windows-x86_64