Last updated on 2024-04-18 03:52:00 CEST.
Flavor | Version | Tinstall | Tcheck | Ttotal | Status | Flags |
---|---|---|---|---|---|---|
r-devel-linux-x86_64-debian-clang | 1.4.1 | 57.67 | 479.68 | 537.35 | OK | |
r-devel-linux-x86_64-debian-gcc | 1.4.1 | 38.57 | 336.11 | 374.68 | OK | |
r-devel-linux-x86_64-fedora-clang | 1.4.1 | 635.83 | NOTE | |||
r-devel-linux-x86_64-fedora-gcc | 1.4.1 | 585.03 | NOTE | |||
r-prerel-macos-arm64 | 1.4.1 | 157.00 | OK | |||
r-prerel-windows-x86_64 | 1.4.1 | 40.00 | 300.00 | 340.00 | OK | |
r-patched-linux-x86_64 | 1.4.1 | 43.42 | 453.41 | 496.83 | OK | |
r-release-linux-x86_64 | 1.4.1 | 32.08 | 453.46 | 485.54 | OK | |
r-release-macos-arm64 | 1.4.1 | 188.00 | OK | |||
r-release-macos-x86_64 | 1.4.1 | 320.00 | OK | |||
r-release-windows-x86_64 | 1.4.1 | 54.00 | 390.00 | 444.00 | OK | |
r-oldrel-macos-arm64 | 1.4.1 | 161.00 | OK | |||
r-oldrel-windows-x86_64 | 1.4.1 | 55.00 | 397.00 | 452.00 | OK |
Version: 1.4.1
Check: data for non-ASCII characters
Result: NOTE
Note: found 25892 marked UTF-8 strings
Flavors: r-devel-linux-x86_64-fedora-clang, r-devel-linux-x86_64-fedora-gcc