Last updated on 2023-12-05 12:50:12 CET.
Flavor | Version | Tinstall | Tcheck | Ttotal | Status | Flags |
---|---|---|---|---|---|---|
r-devel-linux-x86_64-debian-clang | 2.0.3 | 24.32 | 460.48 | 484.80 | OK | |
r-devel-linux-x86_64-debian-gcc | 2.0.3 | 20.85 | 352.91 | 373.76 | OK | |
r-devel-linux-x86_64-fedora-clang | 2.0.3 | 619.82 | NOTE | |||
r-devel-linux-x86_64-fedora-gcc | 2.0.3 | 875.28 | NOTE | |||
r-devel-windows-x86_64 | 2.0.3 | 23.00 | 368.00 | 391.00 | OK | |
r-patched-linux-x86_64 | 2.0.3 | 25.43 | 450.16 | 475.59 | OK | |
r-release-linux-x86_64 | 2.0.3 | 25.29 | 452.62 | 477.91 | OK | |
r-release-macos-arm64 | 2.0.3 | 288.00 | OK | |||
r-release-macos-x86_64 | 2.0.3 | 1185.00 | OK | |||
r-release-windows-x86_64 | 2.0.3 | 32.00 | 454.00 | 486.00 | OK | |
r-oldrel-macos-arm64 | 2.0.3 | 275.00 | OK | |||
r-oldrel-macos-x86_64 | 2.0.1 | 459.00 | OK | |||
r-oldrel-windows-x86_64 | 2.0.3 | 32.00 | 456.00 | 488.00 | OK |
Version: 2.0.3
Check: data for non-ASCII characters
Result: NOTE
Note: found 1 marked UTF-8 string
Flavors: r-devel-linux-x86_64-fedora-clang, r-devel-linux-x86_64-fedora-gcc