CRAN Package Check Results for Package mapSpain

Last updated on 2021-11-29 21:51:43 CET.

Flavor Version Tinstall Tcheck Ttotal Status Flags
r-devel-linux-x86_64-debian-clang 0.4.0 8.73 159.45 168.18 OK
r-devel-linux-x86_64-debian-gcc 0.4.0 5.75 120.31 126.06 OK
r-devel-linux-x86_64-fedora-clang 0.4.0 216.10 NOTE
r-devel-linux-x86_64-fedora-gcc 0.4.0 201.74 NOTE
r-devel-windows-x86_64-new-UL 0.4.0 20.00 184.00 204.00 OK
r-devel-windows-x86_64-new-TK 0.4.0 NOTE
r-devel-windows-x86_64-old 0.4.0 14.00 128.00 142.00 OK
r-patched-linux-x86_64 0.4.0 9.51 153.43 162.94 OK
r-patched-solaris-x86 0.4.0 261.40 NOTE
r-release-linux-x86_64 0.4.0 8.23 153.49 161.72 OK
r-release-macos-arm64 0.4.0 NOTE
r-release-macos-x86_64 0.4.0 NOTE
r-release-windows-ix86+x86_64 0.4.0 18.00 125.00 143.00 OK
r-oldrel-macos-x86_64 0.4.0 NOTE
r-oldrel-windows-ix86+x86_64 0.4.0 15.00 128.00 143.00 OK

Check Details

Version: 0.4.0
Check: data for non-ASCII characters
Result: NOTE
     Note: found 13084 marked UTF-8 strings
Flavors: r-devel-linux-x86_64-fedora-clang, r-devel-linux-x86_64-fedora-gcc, r-devel-windows-x86_64-new-TK, r-patched-solaris-x86, r-release-macos-arm64, r-release-macos-x86_64, r-oldrel-macos-x86_64