CRAN Package Check Results for Package manipulateWidget

Last updated on 2022-11-26 20:56:31 CET.

Flavor Version Tinstall Tcheck Ttotal Status Flags
r-devel-linux-x86_64-debian-clang 0.11.1 8.04 71.16 79.20 OK
r-devel-linux-x86_64-debian-gcc 0.11.1 4.74 55.36 60.10 OK
r-devel-linux-x86_64-fedora-clang 0.11.1 108.19 NOTE
r-devel-linux-x86_64-fedora-gcc 0.11.1 117.92 NOTE
r-devel-windows-x86_64 0.11.1 84.00 119.00 203.00 OK
r-patched-linux-x86_64 0.11.1 OK
r-release-linux-x86_64 0.11.1 6.65 69.43 76.08 OK
r-release-macos-arm64 0.11.1 37.00 NOTE
r-release-macos-x86_64 0.11.1 58.00 NOTE
r-release-windows-x86_64 0.11.1 80.00 122.00 202.00 OK
r-oldrel-macos-arm64 0.11.1 39.00 NOTE
r-oldrel-macos-x86_64 0.11.1 56.00 NOTE
r-oldrel-windows-ix86+x86_64 0.11.1 19.00 103.00 122.00 OK

Check Details

Version: 0.11.1
Check: data for non-ASCII characters
Result: NOTE
     Note: found 55 marked UTF-8 strings
Flavors: r-devel-linux-x86_64-fedora-clang, r-devel-linux-x86_64-fedora-gcc, r-release-macos-arm64, r-release-macos-x86_64, r-oldrel-macos-arm64, r-oldrel-macos-x86_64