Last updated on 2025-02-08 12:49:34 CET.
Flavor | Version | Tinstall | Tcheck | Ttotal | Status | Flags |
---|---|---|---|---|---|---|
r-devel-linux-x86_64-debian-clang | 1.6.3 | 8.25 | 229.58 | 237.83 | OK | |
r-devel-linux-x86_64-debian-gcc | 1.6.3 | 4.95 | 148.00 | 152.95 | OK | |
r-devel-linux-x86_64-fedora-clang | 1.6.3 | 378.32 | OK | |||
r-devel-linux-x86_64-fedora-gcc | 1.6.3 | 307.24 | OK | |||
r-devel-windows-x86_64 | 1.6.3 | 12.00 | 338.00 | 350.00 | OK | |
r-patched-linux-x86_64 | 1.6.3 | 7.13 | 0.02 | 7.15 | FAIL | |
r-release-linux-x86_64 | 1.6.3 | 7.78 | 211.52 | 219.30 | OK | |
r-release-macos-arm64 | 1.6.3 | 115.00 | OK | |||
r-release-macos-x86_64 | 1.6.3 | 182.00 | OK | |||
r-release-windows-x86_64 | 1.6.3 | 9.00 | 336.00 | 345.00 | OK | |
r-oldrel-macos-arm64 | 1.6.3 | 232.00 | OK | |||
r-oldrel-macos-x86_64 | 1.6.3 | 286.00 | OK | |||
r-oldrel-windows-x86_64 | 1.6.3 | 12.00 | 421.00 | 433.00 | OK |
Version: 1.6.3
Check: re-building of vignette outputs
Result: FAIL
Flavor: r-patched-linux-x86_64