CRAN Package Check Results for Package maketools

Last updated on 2024-06-12 21:49:52 CEST.

Flavor Version Tinstall Tcheck Ttotal Status Flags
r-devel-linux-x86_64-debian-clang 1.3.0 2.58 34.75 37.33 OK
r-devel-linux-x86_64-debian-gcc 1.3.0 2.27 24.70 26.97 ERROR
r-devel-linux-x86_64-fedora-clang 1.3.0 52.19 OK
r-devel-linux-x86_64-fedora-gcc 1.3.0 59.73 OK
r-devel-windows-x86_64 1.3.0 7.00 83.00 90.00 OK
r-patched-linux-x86_64 1.3.0 2.65 33.39 36.04 OK
r-release-linux-x86_64 1.3.0 2.86 33.27 36.13 OK
r-release-macos-arm64 1.3.0 30.00 OK
r-release-macos-x86_64 1.3.0 42.00 OK
r-release-windows-x86_64 1.3.0 7.00 86.00 93.00 OK
r-oldrel-macos-arm64 1.3.0 46.00 OK
r-oldrel-macos-x86_64 1.3.0 62.00 OK
r-oldrel-windows-x86_64 1.3.0 8.00 89.00 97.00 OK

Check Details

Version: 1.3.0
Check: package dependencies
Result: NOTE Package suggested but not available for checking: ‘testthat’ Flavor: r-devel-linux-x86_64-debian-gcc

Version: 1.3.0
Check: tests
Result: ERROR Running ‘testthat.R’ [0s/0s] Running the tests in ‘tests/testthat.R’ failed. Complete output: > library(testthat) Error in library(testthat) : there is no package called 'testthat' Execution halted Flavor: r-devel-linux-x86_64-debian-gcc