Last updated on 2023-03-24 12:50:47 CET.
Flavor | Version | Tinstall | Tcheck | Ttotal | Status | Flags |
---|---|---|---|---|---|---|
r-devel-linux-x86_64-debian-clang | 1.1.0 | 20.44 | 183.12 | 203.56 | NOTE | |
r-devel-linux-x86_64-debian-gcc | 1.1.0 | 16.62 | 137.34 | 153.96 | NOTE | |
r-devel-linux-x86_64-fedora-clang | 1.1.0 | 261.60 | OK | |||
r-devel-linux-x86_64-fedora-gcc | 1.1.0 | 260.13 | OK | |||
r-patched-linux-x86_64 | 1.1.0 | 17.77 | 178.72 | 196.49 | NOTE | |
r-release-linux-x86_64 | 1.1.0 | 17.52 | 173.47 | 190.99 | NOTE | |
r-release-macos-arm64 | 1.1.0 | 79.00 | NOTE | |||
r-release-macos-x86_64 | 1.1.0 | 130.00 | NOTE | |||
r-release-windows-x86_64 | 1.1.0 | 120.00 | 227.00 | 347.00 | NOTE | |
r-oldrel-macos-arm64 | 1.1.0 | 77.00 | NOTE | |||
r-oldrel-macos-x86_64 | 1.1.0 | 124.00 | NOTE | |||
r-oldrel-windows-ix86+x86_64 | 1.1.0 | 38.00 | 225.00 | 263.00 | OK |
Version: 1.1.0
Check: package dependencies
Result: NOTE
Package suggested but not available for checking: ‘INLA’
Flavors: r-devel-linux-x86_64-debian-clang, r-devel-linux-x86_64-debian-gcc, r-patched-linux-x86_64, r-release-linux-x86_64, r-release-macos-arm64, r-release-macos-x86_64, r-release-windows-x86_64, r-oldrel-macos-arm64, r-oldrel-macos-x86_64
Version: 1.1.0
Check: Rd cross-references
Result: NOTE
Package unavailable to check Rd xrefs: ‘INLA’
Flavors: r-devel-linux-x86_64-debian-clang, r-devel-linux-x86_64-debian-gcc, r-patched-linux-x86_64, r-release-linux-x86_64, r-release-macos-arm64, r-release-macos-x86_64, r-release-windows-x86_64, r-oldrel-macos-arm64, r-oldrel-macos-x86_64