Last updated on 2024-04-17 21:56:00 CEST.
Flavor | Version | Tinstall | Tcheck | Ttotal | Status | Flags |
---|---|---|---|---|---|---|
r-devel-linux-x86_64-debian-clang | 6.13.2 | 12.10 | 156.35 | 168.45 | NOTE | |
r-devel-linux-x86_64-debian-gcc | 6.13.2 | 9.03 | 111.28 | 120.31 | NOTE | |
r-devel-linux-x86_64-fedora-clang | 6.13.2 | 206.88 | NOTE | |||
r-devel-linux-x86_64-fedora-gcc | 6.13.2 | 207.69 | NOTE | |||
r-prerel-macos-arm64 | 6.13.2 | 58.00 | NOTE | |||
r-prerel-windows-x86_64 | 6.13.2 | 10.00 | 138.00 | 148.00 | NOTE | |
r-patched-linux-x86_64 | 6.13.2 | 11.39 | 143.65 | 155.04 | NOTE | |
r-release-linux-x86_64 | 6.13.2 | 11.11 | 142.73 | 153.84 | NOTE | |
r-release-macos-arm64 | 6.13.2 | 69.00 | NOTE | |||
r-release-macos-x86_64 | 6.13.2 | 202.00 | NOTE | |||
r-release-windows-x86_64 | 6.13.2 | 11.00 | 165.00 | 176.00 | NOTE | |
r-oldrel-macos-arm64 | 6.13.2 | 62.00 | NOTE | |||
r-oldrel-windows-x86_64 | 6.13.2 | 17.00 | 165.00 | 182.00 | NOTE |
Version: 6.13.2
Check: package dependencies
Result: NOTE
Packages suggested but not available for checking: 'lpjmlkit', 'quitte'
Flavors: r-devel-linux-x86_64-debian-clang, r-devel-linux-x86_64-debian-gcc, r-devel-linux-x86_64-fedora-clang, r-devel-linux-x86_64-fedora-gcc, r-prerel-macos-arm64, r-patched-linux-x86_64, r-release-linux-x86_64, r-release-windows-x86_64, r-oldrel-windows-x86_64
Version: 6.13.2
Check: Rd cross-references
Result: NOTE
Undeclared packages ‘rlang’, ‘vctrs’ in Rd xrefs
Flavor: r-devel-linux-x86_64-fedora-clang
Version: 6.13.2
Check: package dependencies
Result: NOTE
Package suggested but not available for checking: 'quitte'
Flavors: r-prerel-windows-x86_64, r-release-macos-arm64, r-release-macos-x86_64, r-oldrel-macos-arm64