CRAN Package Check Results for Package madness

Last updated on 2020-08-12 21:49:47 CEST.

Flavor Version Tinstall Tcheck Ttotal Status Flags
r-devel-linux-x86_64-debian-clang 0.2.7 24.65 116.27 140.92 NOTE
r-devel-linux-x86_64-debian-gcc 0.2.7 19.43 89.05 108.48 OK
r-devel-linux-x86_64-fedora-clang 0.2.7 175.89 OK
r-devel-linux-x86_64-fedora-gcc 0.2.7 177.05 OK
r-devel-windows-ix86+x86_64 0.2.7 46.00 172.00 218.00 OK
r-patched-linux-x86_64 0.2.7 21.68 113.23 134.91 OK
r-patched-solaris-x86 0.2.7 247.90 OK
r-release-linux-x86_64 0.2.7 24.51 112.63 137.14 NOTE
r-release-macos-x86_64 0.2.7 OK
r-release-windows-ix86+x86_64 0.2.7 44.00 139.00 183.00 OK
r-oldrel-macos-x86_64 0.2.7 OK
r-oldrel-windows-ix86+x86_64 0.2.7 27.00 125.00 152.00 OK

Check Details

Version: 0.2.7
Check: package dependencies
Result: NOTE
    Package suggested but not available for checking: 'tidyr'
Flavors: r-devel-linux-x86_64-debian-clang, r-release-linux-x86_64