Last updated on 2024-04-19 06:03:26 CEST.
Flavor | Version | Tinstall | Tcheck | Ttotal | Status | Flags |
---|---|---|---|---|---|---|
r-devel-linux-x86_64-debian-clang | 1.0.7 | 1.65 | 58.92 | 60.57 | OK | |
r-devel-linux-x86_64-debian-gcc | 1.0.7 | OK | ||||
r-devel-linux-x86_64-fedora-clang | 1.0.7 | 86.28 | OK | |||
r-devel-linux-x86_64-fedora-gcc | 1.0.7 | 87.01 | OK | |||
r-prerel-macos-arm64 | 1.0.7 | 27.00 | OK | |||
r-prerel-windows-x86_64 | 1.0.7 | 3.00 | 67.00 | 70.00 | OK | |
r-patched-linux-x86_64 | 1.0.7 | 2.01 | 62.53 | 64.54 | OK | |
r-release-linux-x86_64 | 1.0.7 | 2.54 | 58.49 | 61.03 | OK | |
r-release-macos-arm64 | 1.0.7 | 30.00 | OK | |||
r-release-macos-x86_64 | 1.0.7 | 34.00 | NOTE | |||
r-release-windows-x86_64 | 1.0.7 | 3.00 | 81.00 | 84.00 | OK | |
r-oldrel-macos-arm64 | 1.0.7 | 23.00 | OK | |||
r-oldrel-windows-x86_64 | 1.0.7 | 4.00 | 82.00 | 86.00 | OK |
Version: 1.0.7
Check: package dependencies
Result: NOTE
Package suggested but not available for checking: ‘ICAMS’
Flavor: r-release-macos-x86_64