Last updated on 2024-04-25 15:48:03 CEST.
Flavor | Version | Tinstall | Tcheck | Ttotal | Status | Flags |
---|---|---|---|---|---|---|
r-devel-linux-x86_64-debian-clang | 2.9.2.0 | 30.79 | 226.95 | 257.74 | NOTE | |
r-devel-linux-x86_64-debian-gcc | 2.9.2.0 | 23.14 | 164.64 | 187.78 | NOTE | |
r-devel-linux-x86_64-fedora-clang | 2.9.2.0 | 316.14 | NOTE | |||
r-devel-linux-x86_64-fedora-gcc | 2.9.2.0 | 315.06 | NOTE | |||
r-devel-windows-x86_64 | 2.9.2.0 | 25.00 | 157.00 | 182.00 | NOTE | |
r-patched-linux-x86_64 | 2.9.2.0 | 32.35 | 177.64 | 209.99 | NOTE | |
r-release-linux-x86_64 | 2.9.2.0 | 26.46 | 213.74 | 240.20 | OK | |
r-release-macos-arm64 | 2.9.2.0 | 97.00 | NOTE | |||
r-release-windows-x86_64 | 2.9.2.0 | 23.00 | 152.00 | 175.00 | NOTE | |
r-oldrel-macos-arm64 | 2.9.2.0 | 99.00 | OK | |||
r-oldrel-macos-x86_64 | 2.9.2.0 | 185.00 | OK | |||
r-oldrel-windows-x86_64 | 2.9.2.0 | 31.00 | 192.00 | 223.00 | OK |
Version: 2.9.2.0
Check: Rd files
Result: NOTE
checkRd: (-1) get_mean_sd_hour.Rd:20: Lost braces
20 | A function for calcualting the average timing of variables (in this case the M10 and L5). Find the average timing mu that min{ sum { min[ (tind_i - mu)^2, (1440 + mu - tind_i )^2 ]}}
| ^
checkRd: (-1) get_mean_sd_hour.Rd:20: Lost braces; missing escapes or markup?
20 | A function for calcualting the average timing of variables (in this case the M10 and L5). Find the average timing mu that min{ sum { min[ (tind_i - mu)^2, (1440 + mu - tind_i )^2 ]}}
| ^
Flavors: r-devel-linux-x86_64-debian-clang, r-devel-linux-x86_64-debian-gcc, r-devel-linux-x86_64-fedora-clang, r-devel-linux-x86_64-fedora-gcc, r-devel-windows-x86_64, r-patched-linux-x86_64, r-release-macos-arm64, r-release-windows-x86_64
Version: 2.9.2.0
Check: dependencies in R code
Result: NOTE
Namespaces in Imports field not imported from:
‘ActCR’ ‘ActFrag’ ‘tidyr’
All declared Imports should be used.
Flavors: r-devel-linux-x86_64-fedora-clang, r-devel-linux-x86_64-fedora-gcc