Last updated on 2025-02-01 12:48:30 CET.
Flavor | Version | Tinstall | Tcheck | Ttotal | Status | Flags |
---|---|---|---|---|---|---|
r-devel-linux-x86_64-debian-clang | 1.0 | 6.25 | 77.56 | 83.81 | NOTE | |
r-devel-linux-x86_64-debian-gcc | 1.0 | 4.25 | 53.06 | 57.31 | NOTE | |
r-devel-linux-x86_64-fedora-clang | 1.0 | 138.00 | NOTE | |||
r-devel-linux-x86_64-fedora-gcc | 1.0 | 136.03 | NOTE | |||
r-devel-windows-x86_64 | 1.0 | 7.00 | 100.00 | 107.00 | NOTE | |
r-patched-linux-x86_64 | 1.0 | 13.01 | 71.93 | 84.94 | NOTE | |
r-release-linux-x86_64 | 1.0 | 5.10 | 72.13 | 77.23 | NOTE | |
r-release-macos-arm64 | 1.0 | 46.00 | NOTE | |||
r-release-macos-x86_64 | 1.0 | 97.00 | NOTE | |||
r-release-windows-x86_64 | 1.0 | 7.00 | 102.00 | 109.00 | NOTE | |
r-oldrel-macos-arm64 | 1.0 | 51.00 | OK | |||
r-oldrel-macos-x86_64 | 1.0 | 74.00 | OK | |||
r-oldrel-windows-x86_64 | 1.0 | 9.00 | 114.00 | 123.00 | OK |
Version: 1.0
Check: Rd files
Result: NOTE
checkRd: (-1) xytb-class.Rd:26: Lost braces; missing escapes or markup?
26 | v: \tab speed (m.s^{-1})\cr
| ^
Flavors: r-devel-linux-x86_64-debian-clang, r-devel-linux-x86_64-debian-gcc, r-devel-linux-x86_64-fedora-clang, r-devel-linux-x86_64-fedora-gcc, r-devel-windows-x86_64, r-patched-linux-x86_64, r-release-linux-x86_64, r-release-macos-arm64, r-release-macos-x86_64, r-release-windows-x86_64
Version: 1.0
Check: Rd cross-references
Result: NOTE
Found the following Rd file(s) with Rd \link{} targets missing package
anchors:
xytb-class.Rd: distVincentyEllipsoid
Please provide package anchors for all Rd \link{} targets not in the
package itself and the base packages.
Flavors: r-devel-linux-x86_64-debian-clang, r-devel-linux-x86_64-debian-gcc, r-devel-windows-x86_64
Version: 1.0
Check: dependencies in R code
Result: NOTE
Namespaces in Imports field not imported from:
‘e1071’ ‘utils’
All declared Imports should be used.
Flavors: r-devel-linux-x86_64-fedora-clang, r-devel-linux-x86_64-fedora-gcc