CRAN Package Check Results for Package lwgeom

Last updated on 2020-06-03 06:48:36 CEST.

Flavor Version Tinstall Tcheck Ttotal Status Flags
r-devel-linux-x86_64-debian-clang 0.2-4 93.60 52.13 145.73 OK
r-devel-linux-x86_64-debian-gcc 0.2-4 77.54 41.29 118.83 OK
r-devel-linux-x86_64-fedora-clang 0.2-4 208.71 OK
r-devel-linux-x86_64-fedora-gcc 0.2-4 187.56 OK
r-devel-windows-ix86+x86_64 0.2-4 330.00 182.00 512.00 NOTE
r-patched-linux-x86_64 0.2-4 74.01 52.22 126.23 OK
r-patched-solaris-x86 0.2-4 187.80 OK
r-release-linux-x86_64 0.2-4 73.36 51.90 125.26 OK
r-release-osx-x86_64 0.2-4 NOTE
r-release-windows-ix86+x86_64 0.2-4 260.00 186.00 446.00 NOTE
r-oldrel-osx-x86_64 0.2-4 NOTE
r-oldrel-windows-ix86+x86_64 0.2-4 286.00 127.00 413.00 NOTE

Check Details

Version: 0.2-4
Check: installed package size
Result: NOTE
     installed size is 12.4Mb
     sub-directories of 1Mb or more:
     libs 12.2Mb
Flavors: r-devel-windows-ix86+x86_64, r-release-osx-x86_64, r-release-windows-ix86+x86_64, r-oldrel-osx-x86_64, r-oldrel-windows-ix86+x86_64