CRAN Package Check Results for Package lvnet

Last updated on 2020-05-26 03:48:24 CEST.

Flavor Version Tinstall Tcheck Ttotal Status Flags
r-devel-linux-x86_64-debian-clang 0.3.5 19.32 146.00 165.32 OK
r-devel-linux-x86_64-debian-gcc 0.3.5 14.81 111.23 126.04 OK
r-devel-linux-x86_64-fedora-clang 0.3.5 214.78 OK
r-devel-linux-x86_64-fedora-gcc 0.3.5 193.94 OK
r-devel-windows-ix86+x86_64 0.3.5 71.00 145.00 216.00 OK
r-patched-linux-x86_64 0.3.5 16.38 140.86 157.24 OK
r-patched-solaris-x86 0.3.5 300.70 ERROR
r-release-linux-x86_64 0.3.5 20.41 139.83 160.24 OK
r-release-osx-x86_64 0.3.5 OK
r-release-windows-ix86+x86_64 0.3.5 50.00 225.00 275.00 OK
r-oldrel-osx-x86_64 0.3.5 OK
r-oldrel-windows-ix86+x86_64 0.3.5 43.00 193.00 236.00 OK

Check Details

Version: 0.3.5
Check: examples
Result: ERROR
    Running examples in ‘lvnet-Ex.R’ failed
    The error most likely occurred in:
    
    > ### Name: lvnet
    > ### Title: Confirmatory Latent Variable Network Models
    > ### Aliases: lvnet
    >
    > ### ** Examples
    >
    > # Load dataset:
    > library("lavaan")
    This is lavaan 0.6-6
    lavaan is BETA software! Please report any bugs.
    
    Attaching package: ‘lavaan’
    
    The following object is masked from ‘package:OpenMx’:
    
     vech
    
    > data(HolzingerSwineford1939)
    > Data <- HolzingerSwineford1939[,7:15]
    >
    > # Measurement model:
    > Lambda <- matrix(0, 9, 3)
    > Lambda[1:3,1] <- NA
    > Lambda[4:6,2] <- NA
    > Lambda[7:9,3] <- NA
    >
    > # Fit CFA model:
    > CFA <- lvnet(Data, lambda = Lambda)
    Error: C stack usage 334140564 is too close to the limit
    Error: The job for model 'model' exited abnormally with the error message: User interrupt
    Execution halted
Flavor: r-patched-solaris-x86