Last updated on 2023-06-05 21:59:10 CEST.
Flavor | Version | Tinstall | Tcheck | Ttotal | Status | Flags |
---|---|---|---|---|---|---|
r-devel-linux-x86_64-debian-clang | 0.2.5 | 132.59 | 36.89 | 169.48 | NOTE | |
r-devel-linux-x86_64-debian-gcc | 0.2.5 | 99.44 | 28.89 | 128.33 | NOTE | |
r-devel-linux-x86_64-fedora-clang | 0.2.5 | 276.77 | NOTE | |||
r-devel-linux-x86_64-fedora-gcc | 0.2.5 | 254.57 | NOTE | |||
r-devel-windows-x86_64 | 0.2.5 | 109.00 | 74.00 | 183.00 | NOTE | |
r-patched-linux-x86_64 | 0.2.5 | 111.68 | 35.17 | 146.85 | NOTE | |
r-release-linux-x86_64 | 0.2.5 | 106.21 | 35.91 | 142.12 | NOTE | |
r-release-macos-arm64 | 0.2.5 | 60.00 | NOTE | |||
r-release-macos-x86_64 | 0.2.5 | 108.00 | NOTE | |||
r-release-windows-x86_64 | 0.2.5 | 118.00 | 77.00 | 195.00 | NOTE | |
r-oldrel-macos-arm64 | 0.2.5 | 58.00 | OK | |||
r-oldrel-macos-x86_64 | 0.2.5 | 74.00 | OK | |||
r-oldrel-windows-x86_64 | 0.2.5 | 146.00 | 74.00 | 220.00 | OK |
Version: 0.2.5
Check: C++ specification
Result: NOTE
Specified C++11: please drop specification unless essential
Flavors: r-devel-linux-x86_64-debian-clang, r-devel-linux-x86_64-debian-gcc, r-devel-linux-x86_64-fedora-clang, r-devel-linux-x86_64-fedora-gcc, r-devel-windows-x86_64, r-patched-linux-x86_64, r-release-linux-x86_64, r-release-macos-arm64, r-release-macos-x86_64, r-release-windows-x86_64