Last updated on 2024-03-28 06:52:53 CET.
Flavor | Version | Tinstall | Tcheck | Ttotal | Status | Flags |
---|---|---|---|---|---|---|
r-devel-linux-x86_64-debian-clang | 0.2.0 | 110.42 | 132.70 | 243.12 | NOTE | |
r-devel-linux-x86_64-debian-gcc | 0.2.0 | 78.43 | 102.43 | 180.86 | NOTE | |
r-devel-linux-x86_64-fedora-clang | 0.2.0 | 345.38 | NOTE | |||
r-devel-linux-x86_64-fedora-gcc | 0.2.0 | 324.71 | NOTE | |||
r-devel-windows-x86_64 | 0.2.0 | 80.00 | 145.00 | 225.00 | NOTE | |
r-patched-linux-x86_64 | 0.2.0 | 112.74 | 131.63 | 244.37 | NOTE | |
r-release-linux-x86_64 | 0.2.0 | 105.18 | 130.30 | 235.48 | NOTE | |
r-release-macos-arm64 | 0.2.0 | 83.00 | NOTE | |||
r-release-macos-x86_64 | 0.2.0 | 155.00 | NOTE | |||
r-release-windows-x86_64 | 0.2.0 | 99.00 | 162.00 | 261.00 | NOTE | |
r-oldrel-macos-arm64 | 0.2.0 | 75.00 | NOTE | |||
r-oldrel-windows-x86_64 | 0.2.0 | 100.00 | 163.00 | 263.00 | OK |
Version: 0.2.0
Check: C++ specification
Result: NOTE
Specified C++11: please drop specification unless essential
Flavors: r-devel-linux-x86_64-debian-clang, r-devel-linux-x86_64-debian-gcc, r-devel-linux-x86_64-fedora-clang, r-devel-linux-x86_64-fedora-gcc, r-devel-windows-x86_64, r-patched-linux-x86_64, r-release-linux-x86_64, r-release-macos-arm64, r-release-macos-x86_64, r-release-windows-x86_64
Version: 0.2.0
Check: installed package size
Result: NOTE
installed size is 6.2Mb
sub-directories of 1Mb or more:
data 2.1Mb
libs 3.9Mb
Flavors: r-release-macos-arm64, r-release-macos-x86_64, r-oldrel-macos-arm64