CRAN Package Check Results for Package ludic

Last updated on 2023-10-04 20:42:32 CEST.

Flavor Version Tinstall Tcheck Ttotal Status Flags
r-devel-linux-x86_64-debian-clang 0.2.0 105.18 139.87 245.05 NOTE
r-devel-linux-x86_64-debian-gcc 0.2.0 78.53 106.96 185.49 NOTE
r-devel-linux-x86_64-fedora-clang 0.2.0 328.94 NOTE
r-devel-linux-x86_64-fedora-gcc 0.2.0 326.16 NOTE
r-devel-windows-x86_64 0.2.0 81.00 140.00 221.00 NOTE
r-patched-linux-x86_64 0.2.0 105.87 130.64 236.51 NOTE
r-release-linux-x86_64 0.2.0 102.66 132.91 235.57 NOTE
r-release-macos-arm64 0.2.0 83.00 NOTE
r-release-macos-x86_64 0.2.0 155.00 NOTE
r-release-windows-x86_64 0.2.0 97.00 163.00 260.00 NOTE
r-oldrel-macos-arm64 0.2.0 75.00 NOTE
r-oldrel-macos-x86_64 0.2.0 109.00 NOTE
r-oldrel-windows-x86_64 0.2.0 101.00 156.00 257.00 OK

Check Details

Version: 0.2.0
Check: C++ specification
Result: NOTE
     Specified C++11: please drop specification unless essential
Flavors: r-devel-linux-x86_64-debian-clang, r-devel-linux-x86_64-debian-gcc, r-devel-linux-x86_64-fedora-clang, r-devel-linux-x86_64-fedora-gcc, r-devel-windows-x86_64, r-patched-linux-x86_64, r-release-linux-x86_64, r-release-macos-arm64, r-release-macos-x86_64, r-release-windows-x86_64

Version: 0.2.0
Check: installed package size
Result: NOTE
     installed size is 6.2Mb
     sub-directories of 1Mb or more:
     data 2.1Mb
     libs 3.9Mb
Flavors: r-release-macos-arm64, r-release-macos-x86_64, r-oldrel-macos-arm64, r-oldrel-macos-x86_64