CRAN Package Check Results for Package ltsa

Last updated on 2022-01-22 21:53:47 CET.

Flavor Version Tinstall Tcheck Ttotal Status Flags
r-devel-linux-x86_64-debian-clang 1.4.6 4.60 40.05 44.65 OK
r-devel-linux-x86_64-debian-gcc 1.4.6 3.37 30.28 33.65 OK
r-devel-linux-x86_64-fedora-clang 1.4.6 54.75 NOTE
r-devel-linux-x86_64-fedora-gcc 1.4.6 43.53 NOTE
r-devel-windows-x86_64-new-UL 1.4.6 41.00 66.00 107.00 OK
r-devel-windows-x86_64-new-TK 1.4.6 OK
r-patched-linux-x86_64 1.4.6 4.11 38.35 42.46 OK
r-release-linux-x86_64 1.4.6 3.76 38.26 42.02 OK
r-release-macos-arm64 1.4.6 OK
r-release-macos-x86_64 1.4.6 OK
r-release-windows-ix86+x86_64 1.4.6 18.00 41.00 59.00 OK
r-oldrel-macos-x86_64 1.4.6 OK
r-oldrel-windows-ix86+x86_64 1.4.6 15.00 44.00 59.00 OK

Check Details

Version: 1.4.6
Check: compiled code
Result: NOTE
    File ‘ltsa/libs/ltsa.so’:
     Found no calls to: ‘R_registerRoutines’, ‘R_useDynamicSymbols’
    
    It is good practice to register native routines and to disable symbol
    search.
    
    See ‘Writing portable packages’ in the ‘Writing R Extensions’ manual.
Flavors: r-devel-linux-x86_64-fedora-clang, r-devel-linux-x86_64-fedora-gcc