CRAN Package Check Results for Package lspartition

Last updated on 2024-05-24 12:58:03 CEST.

Flavor Version Tinstall Tcheck Ttotal Status Flags
r-devel-linux-x86_64-debian-clang 0.4 16.28 102.03 118.31 NOTE
r-devel-linux-x86_64-debian-gcc 0.4 12.18 75.04 87.22 NOTE
r-devel-linux-x86_64-fedora-clang 0.4 142.77 NOTE
r-devel-linux-x86_64-fedora-gcc 0.4 142.44 NOTE
r-devel-windows-x86_64 0.4 14.00 84.00 98.00 NOTE
r-patched-linux-x86_64 0.4 19.41 97.87 117.28 NOTE
r-release-linux-x86_64 0.4 12.47 99.32 111.79 NOTE
r-release-macos-arm64 0.4 42.00 NOTE
r-release-windows-x86_64 0.4 15.00 85.00 100.00 NOTE
r-oldrel-macos-arm64 0.4 45.00 NOTE
r-oldrel-macos-x86_64 0.4 76.00 NOTE
r-oldrel-windows-x86_64 0.4 18.00 140.00 158.00 NOTE

Check Details

Version: 0.4
Check: LazyData
Result: NOTE 'LazyData' is specified without a 'data' directory Flavors: r-devel-linux-x86_64-debian-clang, r-devel-linux-x86_64-debian-gcc, r-devel-linux-x86_64-fedora-clang, r-devel-linux-x86_64-fedora-gcc, r-devel-windows-x86_64, r-patched-linux-x86_64, r-release-linux-x86_64, r-release-macos-arm64, r-release-windows-x86_64, r-oldrel-macos-arm64, r-oldrel-macos-x86_64, r-oldrel-windows-x86_64