CRAN Package Check Results for Package lspartition

Last updated on 2022-01-26 11:53:42 CET.

Flavor Version Tinstall Tcheck Ttotal Status Flags
r-devel-linux-x86_64-debian-clang 0.4 15.17 108.18 123.35 NOTE
r-devel-linux-x86_64-debian-gcc 0.4 12.49 81.48 93.97 NOTE
r-devel-linux-x86_64-fedora-clang 0.4 143.02 NOTE
r-devel-linux-x86_64-fedora-gcc 0.4 136.15 NOTE
r-devel-windows-x86_64-new-UL 0.4 57.00 117.00 174.00 NOTE
r-devel-windows-x86_64-new-TK 0.4 NOTE
r-patched-linux-x86_64 0.4 18.57 99.01 117.58 NOTE
r-release-linux-x86_64 0.4 11.33 97.40 108.73 NOTE
r-release-macos-arm64 0.4 NOTE
r-release-macos-x86_64 0.4 NOTE
r-release-windows-ix86+x86_64 0.4 28.00 111.00 139.00 NOTE
r-oldrel-macos-x86_64 0.4 OK
r-oldrel-windows-ix86+x86_64 0.4 30.00 111.00 141.00 OK

Check Details

Version: 0.4
Check: LazyData
Result: NOTE
     'LazyData' is specified without a 'data' directory
Flavors: r-devel-linux-x86_64-debian-clang, r-devel-linux-x86_64-debian-gcc, r-devel-linux-x86_64-fedora-clang, r-devel-linux-x86_64-fedora-gcc, r-devel-windows-x86_64-new-UL, r-devel-windows-x86_64-new-TK, r-patched-linux-x86_64, r-release-linux-x86_64, r-release-macos-arm64, r-release-macos-x86_64, r-release-windows-ix86+x86_64