Last updated on 2023-09-26 12:07:31 CEST.
Flavor | Version | Tinstall | Tcheck | Ttotal | Status | Flags |
---|---|---|---|---|---|---|
r-devel-linux-x86_64-debian-clang | 0.1 | 1.95 | 34.55 | 36.50 | NOTE | |
r-devel-linux-x86_64-debian-gcc | 0.1 | 1.84 | 26.36 | 28.20 | NOTE | |
r-devel-linux-x86_64-fedora-clang | 0.1 | 45.66 | NOTE | |||
r-devel-linux-x86_64-fedora-gcc | 0.1 | 45.13 | NOTE | |||
r-devel-windows-x86_64 | 0.1 | 4.00 | 56.00 | 60.00 | NOTE | |
r-patched-linux-x86_64 | 0.1 | 1.79 | 33.96 | 35.75 | NOTE | |
r-release-linux-x86_64 | 0.1 | 2.14 | 34.08 | 36.22 | NOTE | |
r-release-macos-arm64 | 0.1 | 22.00 | NOTE | |||
r-release-macos-x86_64 | 0.1 | 28.00 | NOTE | |||
r-release-windows-x86_64 | 0.1 | 4.00 | 55.00 | 59.00 | NOTE | |
r-oldrel-macos-arm64 | 0.1 | 24.00 | NOTE | |||
r-oldrel-macos-x86_64 | 0.1 | 27.00 | NOTE | |||
r-oldrel-windows-x86_64 | 0.1 | 4.00 | 59.00 | 63.00 | NOTE |
Version: 0.1
Check: LazyData
Result: NOTE
'LazyData' is specified without a 'data' directory
Flavors: r-devel-linux-x86_64-debian-clang, r-devel-linux-x86_64-debian-gcc, r-devel-linux-x86_64-fedora-clang, r-devel-linux-x86_64-fedora-gcc, r-devel-windows-x86_64, r-patched-linux-x86_64, r-release-linux-x86_64, r-release-macos-arm64, r-release-macos-x86_64, r-release-windows-x86_64, r-oldrel-macos-arm64, r-oldrel-macos-x86_64, r-oldrel-windows-x86_64
Version: 0.1
Check: dependencies in R code
Result: NOTE
Namespace in Imports field not imported from: ‘Matrix’
All declared Imports should be used.
Flavors: r-devel-linux-x86_64-fedora-clang, r-devel-linux-x86_64-fedora-gcc, r-oldrel-macos-arm64, r-oldrel-macos-x86_64