Last updated on 2024-03-28 12:50:38 CET.
Flavor | Version | Tinstall | Tcheck | Ttotal | Status | Flags |
---|---|---|---|---|---|---|
r-devel-linux-x86_64-debian-clang | 1.1 | 45.35 | 104.16 | 149.51 | NOTE | |
r-devel-linux-x86_64-debian-gcc | 1.1 | 34.03 | 75.13 | 109.16 | NOTE | |
r-devel-linux-x86_64-fedora-clang | 1.1 | 193.64 | NOTE | |||
r-devel-linux-x86_64-fedora-gcc | 1.1 | 188.33 | NOTE | |||
r-devel-windows-x86_64 | 1.1 | 38.00 | 115.00 | 153.00 | NOTE | |
r-patched-linux-x86_64 | 1.1 | 54.47 | 98.27 | 152.74 | NOTE | |
r-release-linux-x86_64 | 1.1 | 43.36 | 97.98 | 141.34 | OK | |
r-release-macos-arm64 | 1.1 | 57.00 | OK | |||
r-release-macos-x86_64 | 1.1 | 87.00 | OK | |||
r-release-windows-x86_64 | 1.1 | 48.00 | 132.00 | 180.00 | OK | |
r-oldrel-macos-arm64 | 1.1 | 52.00 | OK | |||
r-oldrel-windows-x86_64 | 1.1 | 45.00 | 129.00 | 174.00 | OK |
Version: 1.1
Check: Rd files
Result: NOTE
checkRd: (-1) plot.int.lsbclust.Rd:112: Lost braces
112 | \code{"rows"} and code{"columns"}.}
| ^
Flavors: r-devel-linux-x86_64-debian-clang, r-devel-linux-x86_64-debian-gcc, r-devel-linux-x86_64-fedora-clang, r-devel-linux-x86_64-fedora-gcc, r-devel-windows-x86_64, r-patched-linux-x86_64