Last updated on 2024-04-19 06:03:23 CEST.
Flavor | Version | Tinstall | Tcheck | Ttotal | Status | Flags |
---|---|---|---|---|---|---|
r-devel-linux-x86_64-debian-clang | 0.73.3 | 3.35 | 37.72 | 41.07 | NOTE | |
r-devel-linux-x86_64-debian-gcc | 0.73.3 | NOTE | ||||
r-devel-linux-x86_64-fedora-clang | 0.73.3 | 52.54 | NOTE | |||
r-devel-linux-x86_64-fedora-gcc | 0.73.3 | 51.90 | NOTE | |||
r-prerel-macos-arm64 | 0.73.3 | 22.00 | NOTE | |||
r-prerel-windows-x86_64 | 0.73.3 | 4.00 | 54.00 | 58.00 | NOTE | |
r-patched-linux-x86_64 | 0.73.3 | 3.66 | 37.20 | 40.86 | NOTE | |
r-release-linux-x86_64 | 0.73.3 | 3.19 | 38.29 | 41.48 | NOTE | |
r-release-macos-arm64 | 0.73.3 | 28.00 | NOTE | |||
r-release-macos-x86_64 | 0.73.3 | 32.00 | NOTE | |||
r-release-windows-x86_64 | 0.73.3 | 4.00 | 64.00 | 68.00 | NOTE | |
r-oldrel-macos-arm64 | 0.73.3 | 24.00 | OK | |||
r-oldrel-windows-x86_64 | 0.73.3 | 6.00 | 67.00 | 73.00 | OK |
Version: 0.73.3
Check: Rd files
Result: NOTE
checkRd: (-1) specialchars.Rd:6: Escaped LaTeX specials: \&
Flavors: r-devel-linux-x86_64-debian-clang, r-devel-linux-x86_64-debian-gcc, r-devel-linux-x86_64-fedora-clang, r-devel-linux-x86_64-fedora-gcc, r-prerel-macos-arm64, r-prerel-windows-x86_64, r-patched-linux-x86_64, r-release-linux-x86_64, r-release-macos-arm64, r-release-macos-x86_64, r-release-windows-x86_64
Version: 0.73.3
Check: data for non-ASCII characters
Result: NOTE
Note: found 143 marked Latin-1 strings
Note: found 833 marked UTF-8 strings
Flavors: r-devel-linux-x86_64-fedora-clang, r-devel-linux-x86_64-fedora-gcc