CRAN Package Check Results for Package lrd

Last updated on 2023-03-28 12:54:45 CEST.

Flavor Version Tinstall Tcheck Ttotal Status Flags
r-devel-linux-x86_64-debian-clang 0.1.0 2.30 49.84 52.14 OK
r-devel-linux-x86_64-debian-gcc 0.1.0 2.59 37.69 40.28 OK
r-devel-linux-x86_64-fedora-clang 0.1.0 65.75 NOTE
r-devel-linux-x86_64-fedora-gcc 0.1.0 78.58 NOTE
r-patched-linux-x86_64 0.1.0 4.15 47.72 51.87 OK
r-release-linux-x86_64 0.1.0 3.09 47.69 50.78 OK
r-release-macos-arm64 0.1.0 26.00 NOTE
r-release-macos-x86_64 0.1.0 34.00 NOTE
r-release-windows-x86_64 0.1.0 17.00 84.00 101.00 OK
r-oldrel-macos-arm64 0.1.0 28.00 NOTE
r-oldrel-macos-x86_64 0.1.0 35.00 NOTE
r-oldrel-windows-ix86+x86_64 0.1.0 8.00 74.00 82.00 OK

Check Details

Version: 0.1.0
Check: dependencies in R code
Result: NOTE
    Namespace in Imports field not imported from: ‘knitr’
     All declared Imports should be used.
Flavors: r-devel-linux-x86_64-fedora-clang, r-devel-linux-x86_64-fedora-gcc, r-release-macos-arm64, r-release-macos-x86_64, r-oldrel-macos-arm64, r-oldrel-macos-x86_64