CRAN Package Check Results for Package loopr

Last updated on 2020-05-26 21:47:58 CEST.

Flavor Version Tinstall Tcheck Ttotal Status Flags
r-devel-linux-x86_64-debian-clang 1.0.1 2.93 21.80 24.73 NOTE
r-devel-linux-x86_64-debian-gcc 1.0.1 2.77 17.57 20.34 NOTE
r-devel-linux-x86_64-fedora-clang 1.0.1 32.02 NOTE
r-devel-linux-x86_64-fedora-gcc 1.0.1 31.47 NOTE
r-devel-windows-ix86+x86_64 1.0.1 10.00 35.00 45.00 NOTE
r-patched-linux-x86_64 1.0.1 2.96 21.92 24.88 NOTE
r-patched-solaris-x86 1.0.1 47.90 NOTE
r-release-linux-x86_64 1.0.1 3.37 21.96 25.33 NOTE
r-release-osx-x86_64 1.0.1 NOTE
r-release-windows-ix86+x86_64 1.0.1 15.00 46.00 61.00 NOTE
r-oldrel-osx-x86_64 1.0.1 NOTE
r-oldrel-windows-ix86+x86_64 1.0.1 6.00 36.00 42.00 NOTE

Check Details

Version: 1.0.1
Check: R code for possible problems
Result: NOTE
    amendColumns: no visible global function definition for 'setNames'
    fillColumns: no visible global function definition for 'setNames'
    Undefined global functions or variables:
     setNames
    Consider adding
     importFrom("stats", "setNames")
    to your NAMESPACE file.
Flavors: r-devel-linux-x86_64-debian-clang, r-devel-linux-x86_64-debian-gcc, r-devel-linux-x86_64-fedora-clang, r-devel-linux-x86_64-fedora-gcc, r-devel-windows-ix86+x86_64, r-patched-linux-x86_64, r-patched-solaris-x86, r-release-linux-x86_64, r-release-osx-x86_64, r-release-windows-ix86+x86_64, r-oldrel-osx-x86_64, r-oldrel-windows-ix86+x86_64