Last updated on 2024-04-20 05:58:57 CEST.
Flavor | Version | Tinstall | Tcheck | Ttotal | Status | Flags |
---|---|---|---|---|---|---|
r-devel-linux-x86_64-debian-clang | 1.0.3 | 36.60 | 230.83 | 267.43 | NOTE | |
r-devel-linux-x86_64-debian-gcc | 1.0.3 | 24.07 | 165.55 | 189.62 | NOTE | |
r-devel-linux-x86_64-fedora-clang | 1.0.3 | 334.68 | NOTE | |||
r-devel-linux-x86_64-fedora-gcc | 1.0.3 | 339.40 | NOTE | |||
r-prerel-macos-arm64 | 1.0.3 | 174.00 | NOTE | |||
r-prerel-windows-x86_64 | 1.0.3 | 20.00 | 168.00 | 188.00 | NOTE | |
r-patched-linux-x86_64 | 1.0.3 | 25.27 | 220.68 | 245.95 | NOTE | |
r-release-linux-x86_64 | 1.0.3 | 16.71 | 196.09 | 212.80 | OK | |
r-release-macos-arm64 | 1.0.3 | 93.00 | OK | |||
r-release-macos-x86_64 | 1.0.3 | 189.00 | OK | |||
r-release-windows-x86_64 | 1.0.3 | 26.00 | 196.00 | 222.00 | OK | |
r-oldrel-macos-arm64 | 1.0.3 | 104.00 | OK | |||
r-oldrel-windows-x86_64 | 1.0.3 | 25.00 | 202.00 | 227.00 | OK |
Version: 1.0.3
Check: Rd files
Result: NOTE
checkRd: (-1) loon.shiny.Rd:93-102: Lost braces in \itemize; meant \describe ?
checkRd: (-1) loon.shiny.Rd:95-96: Lost braces in \itemize; meant \describe ?
checkRd: (-1) loon.shiny.Rd:97: Lost braces in \itemize; meant \describe ?
checkRd: (-1) loon.shiny.Rd:98-100: Lost braces in \itemize; meant \describe ?
checkRd: (-1) loon.shiny.Rd:103-108: Lost braces in \itemize; meant \describe ?
checkRd: (-1) loon.shiny.Rd:105: Lost braces in \itemize; meant \describe ?
checkRd: (-1) loon.shiny.Rd:106: Lost braces in \itemize; meant \describe ?
Flavors: r-devel-linux-x86_64-debian-clang, r-devel-linux-x86_64-debian-gcc, r-devel-linux-x86_64-fedora-clang, r-devel-linux-x86_64-fedora-gcc, r-prerel-macos-arm64, r-prerel-windows-x86_64, r-patched-linux-x86_64