CRAN Package Check Results for Package loon

Last updated on 2022-01-22 12:56:20 CET.

Flavor Version Tinstall Tcheck Ttotal Status Flags
r-devel-linux-x86_64-debian-clang 1.3.8 24.50 226.86 251.36 OK
r-devel-linux-x86_64-debian-gcc 1.3.8 18.52 170.47 188.99 OK
r-devel-linux-x86_64-fedora-clang 1.3.8 316.22 OK
r-devel-linux-x86_64-fedora-gcc 1.3.8 302.94 OK
r-devel-windows-x86_64-new-UL 1.3.8 410.00 365.00 775.00 OK
r-devel-windows-x86_64-new-TK 1.3.8 OK
r-patched-linux-x86_64 1.3.8 28.56 224.24 252.80 OK
r-release-linux-x86_64 1.3.8 25.21 225.91 251.12 OK
r-release-macos-arm64 1.3.8 NOTE
r-release-macos-x86_64 1.3.8 NOTE
r-release-windows-ix86+x86_64 1.3.8 31.00 274.00 305.00 OK
r-oldrel-macos-x86_64 1.3.8 NOTE
r-oldrel-windows-ix86+x86_64 1.3.8 32.00 281.00 313.00 OK

Check Details

Version: 1.3.8
Check: package dependencies
Result: NOTE
    Package suggested but not available for checking: ‘RDRToolbox’
Flavors: r-release-macos-arm64, r-release-macos-x86_64, r-oldrel-macos-x86_64