CRAN Package Check Results for Package loon.data

Last updated on 2022-05-25 11:51:08 CEST.

Flavor Version Tinstall Tcheck Ttotal Status Flags
r-devel-linux-x86_64-debian-clang 0.1.3 2.92 44.06 46.98 OK
r-devel-linux-x86_64-debian-gcc 0.1.3 1.94 34.52 36.46 OK
r-devel-linux-x86_64-fedora-clang 0.1.3 55.88 NOTE
r-devel-linux-x86_64-fedora-gcc 0.1.3 44.85 NOTE
r-devel-windows-x86_64 0.1.3 34.00 65.00 99.00 OK
r-patched-linux-x86_64 0.1.3 3.54 42.43 45.97 OK
r-release-linux-x86_64 0.1.3 OK
r-release-macos-arm64 0.1.3 19.00 NOTE
r-release-macos-x86_64 0.1.3 29.00 NOTE
r-release-windows-x86_64 0.1.3 7.00 62.00 69.00 OK
r-oldrel-macos-arm64 0.1.3 23.00 NOTE
r-oldrel-macos-x86_64 0.1.3 40.00 NOTE
r-oldrel-windows-ix86+x86_64 0.1.3 6.00 36.00 42.00 OK

Check Details

Version: 0.1.3
Check: data for non-ASCII characters
Result: NOTE
     Note: found 994 marked Latin-1 strings
Flavors: r-devel-linux-x86_64-fedora-clang, r-devel-linux-x86_64-fedora-gcc, r-release-macos-arm64, r-release-macos-x86_64, r-oldrel-macos-arm64, r-oldrel-macos-x86_64