Last updated on 2025-05-12 12:49:14 CEST.
Flavor | Version | Tinstall | Tcheck | Ttotal | Status | Flags |
---|---|---|---|---|---|---|
r-devel-linux-x86_64-debian-clang | 1.1.13 | 2.07 | 20.66 | 22.73 | NOTE | |
r-devel-linux-x86_64-debian-gcc | 1.1.13 | 1.53 | 17.00 | 18.53 | NOTE | |
r-devel-linux-x86_64-fedora-clang | 1.1.13 | 34.76 | OK | |||
r-devel-linux-x86_64-fedora-gcc | 1.1.13 | 32.86 | OK | |||
r-devel-windows-x86_64 | 1.1.13 | 3.00 | 43.00 | 46.00 | OK | |
r-patched-linux-x86_64 | 1.1.13 | 2.13 | 19.61 | 21.74 | OK | |
r-release-linux-x86_64 | 1.1.13 | 1.89 | 19.73 | 21.62 | OK | |
r-release-macos-arm64 | 1.1.13 | 16.00 | OK | |||
r-release-macos-x86_64 | 1.1.13 | 28.00 | OK | |||
r-release-windows-x86_64 | 1.1.13 | 4.00 | 48.00 | 52.00 | OK | |
r-oldrel-macos-arm64 | 1.1.13 | 21.00 | OK | |||
r-oldrel-macos-x86_64 | 1.1.13 | 28.00 | OK | |||
r-oldrel-windows-x86_64 | 1.1.13 | 3.00 | 41.00 | 44.00 | OK |
Version: 1.1.13
Check: CRAN incoming feasibility
Result: NOTE
Maintainer: ‘Korbinian Strimmer <strimmerlab@gmail.com>’
No Authors@R field in DESCRIPTION.
Please add one, modifying
Authors@R: c(person(given = "Rainer",
family = "Opgen-Rhein",
role = "aut"),
person(given = "Korbinian",
family = "Strimmer.",
role = "aut"),
person(given = "Korbinian",
family = "Strimmer",
role = "cre",
email = "strimmerlab@gmail.com"))
as necessary.
Flavors: r-devel-linux-x86_64-debian-clang, r-devel-linux-x86_64-debian-gcc