Last updated on 2023-09-23 05:58:01 CEST.
Flavor | Version | Tinstall | Tcheck | Ttotal | Status | Flags |
---|---|---|---|---|---|---|
r-devel-linux-x86_64-debian-clang | 1.3 | 205.13 | 182.08 | 387.21 | OK | --no-vignettes |
r-devel-linux-x86_64-debian-gcc | 1.3 | 161.79 | 136.00 | 297.79 | OK | --no-vignettes |
r-devel-linux-x86_64-fedora-clang | 1.3 | 516.62 | OK | --no-vignettes | ||
r-devel-linux-x86_64-fedora-gcc | 1.3 | 532.60 | OK | --no-vignettes | ||
r-devel-windows-x86_64 | 1.3 | 157.00 | 202.00 | 359.00 | OK | --no-vignettes |
r-patched-linux-x86_64 | 1.3 | 223.44 | 172.20 | 395.64 | OK | --no-vignettes |
r-release-linux-x86_64 | 1.3 | 212.72 | 177.05 | 389.77 | OK | --no-vignettes |
r-release-macos-arm64 | 1.3 | 1803.00 | NOTE | |||
r-release-macos-x86_64 | 1.3 | 1803.00 | NOTE | |||
r-release-windows-x86_64 | 1.3 | 207.00 | 229.00 | 436.00 | OK | --no-vignettes |
r-oldrel-macos-arm64 | 1.3 | 981.00 | NOTE | |||
r-oldrel-macos-x86_64 | 1.3 | 1803.00 | ERROR | |||
r-oldrel-windows-x86_64 | 1.3 | 189.00 | 198.00 | 387.00 | OK | --no-vignettes |
Version: 1.3
Check: installed package size
Result: NOTE
installed size is 21.8Mb
sub-directories of 1Mb or more:
libs 20.1Mb
Flavors: r-release-macos-arm64, r-release-macos-x86_64, r-oldrel-macos-arm64, r-oldrel-macos-x86_64
Version: 1.3
Check: re-building of vignette outputs
Result: ERROR
Error(s) in re-building vignettes:
...
--- re-building ‘lolog-ergm.Rmd’ using rmarkdown
Execution halted
* checking PDF version of manual ...* using check arguments '--no-clean-on-error '
Flavor: r-oldrel-macos-x86_64