Last updated on 2023-03-28 12:54:45 CEST.
Flavor | Version | Tinstall | Tcheck | Ttotal | Status | Flags |
---|---|---|---|---|---|---|
r-devel-linux-x86_64-debian-clang | 0.2 | 4.14 | 60.43 | 64.57 | OK | |
r-devel-linux-x86_64-debian-gcc | 0.2 | 3.01 | 46.30 | 49.31 | OK | |
r-devel-linux-x86_64-fedora-clang | 0.2 | 80.36 | NOTE | |||
r-devel-linux-x86_64-fedora-gcc | 0.2 | 89.89 | NOTE | |||
r-patched-linux-x86_64 | 0.2 | 4.87 | 57.81 | 62.68 | OK | |
r-release-linux-x86_64 | 0.2 | 3.55 | 59.50 | 63.05 | OK | |
r-release-macos-arm64 | 0.2 | 33.00 | OK | |||
r-release-macos-x86_64 | 0.2 | 55.00 | OK | |||
r-release-windows-x86_64 | 0.2 | 28.00 | 101.00 | 129.00 | OK | |
r-oldrel-macos-arm64 | 0.2 | 43.00 | OK | |||
r-oldrel-macos-x86_64 | 0.2 | 54.00 | OK | |||
r-oldrel-windows-ix86+x86_64 | 0.2 | 11.00 | 108.00 | 119.00 | OK |
Version: 0.2
Check: compiled code
Result: NOTE
File ‘logisticPCA/libs/logisticPCA.so’:
Found no calls to: ‘R_registerRoutines’, ‘R_useDynamicSymbols’
It is good practice to register native routines and to disable symbol
search.
See ‘Writing portable packages’ in the ‘Writing R Extensions’ manual.
Flavors: r-devel-linux-x86_64-fedora-clang, r-devel-linux-x86_64-fedora-gcc