Last updated on 2024-04-19 21:56:32 CEST.
Flavor | Version | Tinstall | Tcheck | Ttotal | Status | Flags |
---|---|---|---|---|---|---|
r-devel-linux-x86_64-debian-clang | 0.1.2 | 2.39 | 29.50 | 31.89 | NOTE | |
r-devel-linux-x86_64-debian-gcc | 0.1.2 | NOTE | ||||
r-devel-linux-x86_64-fedora-clang | 0.1.2 | 40.91 | NOTE | |||
r-devel-linux-x86_64-fedora-gcc | 0.1.2 | 38.82 | NOTE | |||
r-prerel-macos-arm64 | 0.1.2 | 18.00 | NOTE | |||
r-prerel-windows-x86_64 | 0.1.2 | 4.00 | 45.00 | 49.00 | NOTE | |
r-patched-linux-x86_64 | 0.1.2 | 3.78 | 28.71 | 32.49 | NOTE | |
r-release-linux-x86_64 | 0.1.2 | 3.19 | 27.59 | 30.78 | OK | |
r-release-macos-arm64 | 0.1.2 | 18.00 | OK | |||
r-release-macos-x86_64 | 0.1.2 | 20.00 | OK | |||
r-release-windows-x86_64 | 0.1.2 | 5.00 | 46.00 | 51.00 | OK | |
r-oldrel-macos-arm64 | 0.1.2 | 16.00 | NOTE | |||
r-oldrel-windows-x86_64 | 0.1.2 | 5.00 | 49.00 | 54.00 | OK |
Version: 0.1.2
Check: Rd files
Result: NOTE
checkRd: (-1) analysis.Rd:61-62: Lost braces in \itemize; \value handles \item{}{} directly
checkRd: (-1) analysis.Rd:63-64: Lost braces in \itemize; \value handles \item{}{} directly
checkRd: (-1) analysis.Rd:65-66: Lost braces in \itemize; \value handles \item{}{} directly
checkRd: (-1) analysis.Rd:67-68: Lost braces in \itemize; \value handles \item{}{} directly
checkRd: (-1) analysis.Rd:69: Lost braces in \itemize; \value handles \item{}{} directly
Flavors: r-devel-linux-x86_64-debian-clang, r-devel-linux-x86_64-debian-gcc, r-devel-linux-x86_64-fedora-clang, r-devel-linux-x86_64-fedora-gcc, r-prerel-macos-arm64, r-prerel-windows-x86_64, r-patched-linux-x86_64
Version: 0.1.2
Check: data for non-ASCII characters
Result: NOTE
Note: found 12 marked UTF-8 strings
Flavors: r-devel-linux-x86_64-fedora-clang, r-devel-linux-x86_64-fedora-gcc, r-oldrel-macos-arm64