Last updated on 2024-04-24 12:56:38 CEST.
Flavor | Version | Tinstall | Tcheck | Ttotal | Status | Flags |
---|---|---|---|---|---|---|
r-devel-linux-x86_64-debian-clang | 0.41 | 10.31 | 51.24 | 61.55 | OK | |
r-devel-linux-x86_64-debian-gcc | 0.41 | 6.46 | 39.79 | 46.25 | OK | |
r-devel-linux-x86_64-fedora-clang | 0.41 | 75.56 | NOTE | |||
r-devel-linux-x86_64-fedora-gcc | 0.41 | 72.95 | NOTE | |||
r-devel-windows-x86_64 | 0.41 | 12.00 | 71.00 | 83.00 | OK | |
r-patched-linux-x86_64 | 0.41 | 8.16 | 48.85 | 57.01 | OK | |
r-release-linux-x86_64 | 0.41 | 9.36 | 49.44 | 58.80 | OK | |
r-release-macos-arm64 | 0.41 | 31.00 | OK | |||
r-release-windows-x86_64 | 0.41 | 13.00 | 68.00 | 81.00 | OK | |
r-oldrel-macos-arm64 | 0.41 | 33.00 | OK | |||
r-oldrel-macos-x86_64 | 0.41 | 43.00 | OK | |||
r-oldrel-windows-x86_64 | 0.41 | 14.00 | 76.00 | 90.00 | OK |
Version: 0.41
Check: compiled code
Result: NOTE
File ‘localgauss/libs/localgauss.so’:
Found no calls to: ‘R_registerRoutines’, ‘R_useDynamicSymbols’
It is good practice to register native routines and to disable symbol
search.
See ‘Writing portable packages’ in the ‘Writing R Extensions’ manual.
Flavors: r-devel-linux-x86_64-fedora-clang, r-devel-linux-x86_64-fedora-gcc