CRAN Package Check Results for Package lmtp

Last updated on 2022-07-02 12:53:06 CEST.

Flavor Version Tinstall Tcheck Ttotal Status Flags
r-devel-linux-x86_64-debian-clang 1.3.0 6.32 149.46 155.78 OK
r-devel-linux-x86_64-debian-gcc 1.3.0 4.46 109.76 114.22 OK
r-devel-linux-x86_64-fedora-clang 1.3.0 190.48 WARN
r-devel-linux-x86_64-fedora-gcc 1.3.0 189.61 WARN
r-devel-windows-x86_64 1.3.0 18.00 184.00 202.00 OK
r-patched-linux-x86_64 1.3.0 5.12 142.48 147.60 OK
r-release-linux-x86_64 1.3.0 4.71 143.71 148.42 OK
r-release-macos-arm64 1.3.0 77.00 OK
r-release-macos-x86_64 1.3.0 88.00 OK
r-release-windows-x86_64 1.3.0 21.00 192.00 213.00 OK
r-oldrel-macos-arm64 1.3.0 74.00 OK
r-oldrel-macos-x86_64 1.3.0 83.00 OK
r-oldrel-windows-ix86+x86_64 1.3.0 11.00 192.00 203.00 OK

Check Details

Version: 1.3.0
Check: package dependencies
Result: WARN
    Requires (indirectly) orphaned package: ‘gtools’
Flavors: r-devel-linux-x86_64-fedora-clang, r-devel-linux-x86_64-fedora-gcc