Last updated on 2023-09-29 12:57:01 CEST.
Flavor | Version | Tinstall | Tcheck | Ttotal | Status | Flags |
---|---|---|---|---|---|---|
r-devel-linux-x86_64-debian-clang | 0.9-40 | 5.57 | 54.46 | 60.03 | OK | |
r-devel-linux-x86_64-debian-gcc | 0.9-40 | 4.09 | 41.90 | 45.99 | OK | |
r-devel-linux-x86_64-fedora-clang | 0.9-40 | 78.95 | OK | |||
r-devel-linux-x86_64-fedora-gcc | 0.9-40 | 90.29 | OK | |||
r-devel-windows-x86_64 | 0.9-40 | 9.00 | 91.00 | 100.00 | OK | |
r-patched-linux-x86_64 | 0.9-40 | 5.64 | 53.39 | 59.03 | OK | |
r-release-linux-x86_64 | 0.9-40 | 6.18 | 53.28 | 59.46 | OK | |
r-release-macos-arm64 | 0.9-40 | 40.00 | OK | |||
r-release-macos-x86_64 | 0.9-40 | 50.00 | NOTE | |||
r-release-windows-x86_64 | 0.9-40 | 12.00 | 93.00 | 105.00 | OK | |
r-oldrel-macos-arm64 | 0.9-40 | 31.00 | OK | |||
r-oldrel-macos-x86_64 | 0.9-40 | 40.00 | OK | |||
r-oldrel-windows-x86_64 | 0.9-40 | 13.00 | 92.00 | 105.00 | OK |
Version: 0.9-40
Check: package dependencies
Result: NOTE
Packages suggested but not available for checking: 'car', 'dynlm', 'AER'
Flavor: r-release-macos-x86_64
Version: 0.9-40
Check: Rd cross-references
Result: NOTE
Package unavailable to check Rd xrefs: ‘car’
Flavor: r-release-macos-x86_64