CRAN Package Check Results for Package lme4

Last updated on 2021-04-21 21:50:01 CEST.

Flavor Version Tinstall Tcheck Ttotal Status Flags
r-devel-linux-x86_64-debian-clang 1.1-26 108.69 519.98 628.67 OK
r-devel-linux-x86_64-debian-gcc 1.1-26 76.00 385.52 461.52 OK
r-devel-linux-x86_64-fedora-clang 1.1-26 775.57 NOTE
r-devel-linux-x86_64-fedora-gcc 1.1-26 812.42 OK
r-devel-windows-ix86+x86_64 1.1-26 234.00 675.00 909.00 NOTE
r-devel-windows-x86_64-gcc10-UCRT 1.1-26 OK
r-patched-linux-x86_64 1.1-26 95.49 488.85 584.34 WARN
r-patched-solaris-x86 1.1-26 918.70 NOTE
r-release-linux-x86_64 1.1-26 89.80 488.50 578.30 OK
r-release-macos-x86_64 1.1-26 NOTE
r-release-windows-ix86+x86_64 1.1-26 225.00 622.00 847.00 NOTE
r-oldrel-macos-x86_64 1.1-26 NOTE
r-oldrel-windows-ix86+x86_64 1.1-26 206.00 472.00 678.00 NOTE

Check Details

Version: 1.1-26
Check: installed package size
Result: NOTE
     installed size is 25.1Mb
     sub-directories of 1Mb or more:
     R 1.5Mb
     doc 2.0Mb
     libs 19.6Mb
     testdata 1.3Mb
Flavors: r-devel-linux-x86_64-fedora-clang, r-devel-windows-ix86+x86_64, r-patched-solaris-x86, r-release-macos-x86_64, r-release-windows-ix86+x86_64, r-oldrel-macos-x86_64, r-oldrel-windows-ix86+x86_64

Version: 1.1-26
Check: whether package can be installed
Result: WARN
    Found the following significant warnings:
     Rd warning: /tmp/RtmpmMnZSt/R.INSTALL79d4142aa2bc/lme4/man/bootMer.Rd:71: file link ‘clusterExport’ in package ‘parallel’ does not exist and so has been treated as a topic
     Rd warning: /tmp/RtmpmMnZSt/R.INSTALL79d4142aa2bc/lme4/man/glmer.nb.Rd:9: file link ‘theta.ml’ in package ‘MASS’ does not exist and so has been treated as a topic
     Rd warning: /tmp/RtmpmMnZSt/R.INSTALL79d4142aa2bc/lme4/man/glmer.nb.Rd:34: file link ‘theta.ml’ in package ‘MASS’ does not exist and so has been treated as a topic
     Rd warning: /tmp/RtmpmMnZSt/R.INSTALL79d4142aa2bc/lme4/man/glmer.nb.Rd:65: file link ‘theta.ml’ in package ‘MASS’ does not exist and so has been treated as a topic
Flavor: r-patched-linux-x86_64