CRAN Package Check Results for Package lmds

Last updated on 2023-12-08 20:55:13 CET.

Flavor Version Tinstall Tcheck Ttotal Status Flags
r-devel-linux-x86_64-debian-clang 0.1.0 11.30 95.88 107.18 NOTE
r-devel-linux-x86_64-debian-gcc 0.1.0 8.20 72.32 80.52 NOTE
r-devel-linux-x86_64-fedora-clang 0.1.0 136.60 NOTE
r-devel-linux-x86_64-fedora-gcc 0.1.0 127.77 NOTE
r-devel-windows-x86_64 0.1.0 10.00 88.00 98.00 NOTE
r-patched-linux-x86_64 0.1.0 8.99 92.90 101.89 NOTE
r-release-linux-x86_64 0.1.0 8.85 91.33 100.18 NOTE
r-release-macos-arm64 0.1.0 41.00 NOTE
r-release-macos-x86_64 0.1.0 73.00 NOTE
r-release-windows-x86_64 0.1.0 12.00 99.00 111.00 NOTE
r-oldrel-macos-arm64 0.1.0 41.00 NOTE
r-oldrel-macos-x86_64 0.1.0 75.00 NOTE
r-oldrel-windows-x86_64 0.1.0 13.00 105.00 118.00 NOTE

Check Details

Version: 0.1.0
Check: LazyData
Result: NOTE 'LazyData' is specified without a 'data' directory Flavors: r-devel-linux-x86_64-debian-clang, r-devel-linux-x86_64-debian-gcc, r-devel-linux-x86_64-fedora-clang, r-devel-linux-x86_64-fedora-gcc, r-devel-windows-x86_64, r-patched-linux-x86_64, r-release-linux-x86_64, r-release-macos-arm64, r-release-macos-x86_64, r-release-windows-x86_64, r-oldrel-macos-arm64, r-oldrel-macos-x86_64, r-oldrel-windows-x86_64

Version: 0.1.0
Check: dependencies in R code
Result: NOTE Namespace in Imports field not imported from: ‘Matrix’ All declared Imports should be used. Flavors: r-devel-linux-x86_64-fedora-clang, r-devel-linux-x86_64-fedora-gcc, r-oldrel-macos-arm64, r-oldrel-macos-x86_64