Last updated on 2025-01-12 21:49:43 CET.
Flavor | Version | Tinstall | Tcheck | Ttotal | Status | Flags |
---|---|---|---|---|---|---|
r-devel-linux-x86_64-debian-clang | 1.0.3 | 1.63 | 16.30 | 17.93 | OK | |
r-devel-linux-x86_64-debian-gcc | 1.0.3 | 1.33 | 13.53 | 14.86 | OK | |
r-devel-linux-x86_64-fedora-clang | 1.0.3 | 29.54 | OK | |||
r-devel-linux-x86_64-fedora-gcc | 1.0.3 | 28.83 | OK | |||
r-devel-windows-x86_64 | 1.0.3 | 3.00 | 39.00 | 42.00 | OK | |
r-patched-linux-x86_64 | 1.0.3 | 1.46 | 15.76 | 17.22 | NOTE | |
r-release-linux-x86_64 | 1.0.3 | 1.57 | 15.85 | 17.42 | NOTE | |
r-release-macos-arm64 | 1.0.3 | 14.00 | NOTE | |||
r-release-macos-x86_64 | 1.0.3 | 20.00 | NOTE | |||
r-release-windows-x86_64 | 1.0.3 | 4.00 | 37.00 | 41.00 | NOTE | |
r-oldrel-macos-arm64 | 1.0.3 | 14.00 | NOTE | |||
r-oldrel-macos-x86_64 | 1.0.3 | 19.00 | NOTE | |||
r-oldrel-windows-x86_64 | 1.0.3 | 3.00 | 37.00 | 40.00 | NOTE |
Version: 1.0.3
Check: LazyData
Result: NOTE
'LazyData' is specified without a 'data' directory
Flavors: r-patched-linux-x86_64, r-release-linux-x86_64, r-release-macos-arm64, r-release-macos-x86_64, r-release-windows-x86_64, r-oldrel-macos-arm64, r-oldrel-macos-x86_64, r-oldrel-windows-x86_64