Last updated on 2023-03-27 12:54:25 CEST.
Flavor | Version | Tinstall | Tcheck | Ttotal | Status | Flags |
---|---|---|---|---|---|---|
r-devel-linux-x86_64-debian-clang | 1.0.0 | 15.38 | 136.39 | 151.77 | NOTE | |
r-devel-linux-x86_64-debian-gcc | 1.0.0 | 12.95 | 100.70 | 113.65 | NOTE | |
r-devel-linux-x86_64-fedora-clang | 1.0.0 | 184.67 | NOTE | |||
r-devel-linux-x86_64-fedora-gcc | 1.0.0 | 178.57 | NOTE | |||
r-patched-linux-x86_64 | 1.0.0 | 10.48 | 127.13 | 137.61 | NOTE | |
r-release-linux-x86_64 | 1.0.0 | 15.38 | 128.64 | 144.02 | OK | |
r-release-macos-arm64 | 1.0.0 | 53.00 | OK | |||
r-release-macos-x86_64 | 1.0.0 | 107.00 | OK | |||
r-release-windows-x86_64 | 1.0.0 | 22.00 | 161.00 | 183.00 | OK | |
r-oldrel-macos-arm64 | 1.0.0 | 59.00 | OK | |||
r-oldrel-macos-x86_64 | 1.0.0 | 95.00 | OK | |||
r-oldrel-windows-ix86+x86_64 | 1.0.0 | 37.00 | 149.00 | 186.00 | OK |
Version: 1.0.0
Check: Rd files
Result: NOTE
checkRd: (-1) MHDI.Rd:23: Escaped LaTeX specials: \&
Flavors: r-devel-linux-x86_64-debian-clang, r-devel-linux-x86_64-debian-gcc, r-devel-linux-x86_64-fedora-clang, r-devel-linux-x86_64-fedora-gcc, r-patched-linux-x86_64