CRAN Package Check Results for Package livechatR

Last updated on 2023-03-29 03:53:06 CEST.

Flavor Version Tinstall Tcheck Ttotal Status Flags
r-devel-linux-x86_64-debian-clang 0.1.0 5.47 43.54 49.01 NOTE
r-devel-linux-x86_64-debian-gcc 0.1.0 3.62 32.08 35.70 NOTE
r-devel-linux-x86_64-fedora-clang 0.1.0 61.16 NOTE
r-devel-linux-x86_64-fedora-gcc 0.1.0 56.12 NOTE
r-devel-windows-x86_64 0.1.0 20.00 0.00 20.00 NOTE
r-patched-linux-x86_64 0.1.0 5.31 40.35 45.66 NOTE
r-release-linux-x86_64 0.1.0 3.78 42.72 46.50 NOTE
r-release-macos-arm64 0.1.0 22.00 NOTE
r-release-macos-x86_64 0.1.0 42.00 NOTE
r-release-windows-x86_64 0.1.0 17.00 70.00 87.00 NOTE
r-oldrel-macos-arm64 0.1.0 26.00 NOTE
r-oldrel-macos-x86_64 0.1.0 36.00 NOTE
r-oldrel-windows-ix86+x86_64 0.1.0 12.00 69.00 81.00 NOTE

Check Details

Version: 0.1.0
Check: LazyData
Result: NOTE
     'LazyData' is specified without a 'data' directory
Flavors: r-devel-linux-x86_64-debian-clang, r-devel-linux-x86_64-debian-gcc, r-devel-linux-x86_64-fedora-clang, r-devel-linux-x86_64-fedora-gcc, r-devel-windows-x86_64, r-patched-linux-x86_64, r-release-linux-x86_64, r-release-macos-arm64, r-release-macos-x86_64, r-release-windows-x86_64, r-oldrel-macos-arm64, r-oldrel-macos-x86_64, r-oldrel-windows-ix86+x86_64