Last updated on 2022-05-19 05:51:57 CEST.
Flavor | Version | Tinstall | Tcheck | Ttotal | Status | Flags |
---|---|---|---|---|---|---|
r-devel-linux-x86_64-debian-clang | 1.5.13 | 13.53 | 190.62 | 204.15 | OK | |
r-devel-linux-x86_64-debian-gcc | 1.5.13 | 11.68 | 140.19 | 151.87 | OK | |
r-devel-linux-x86_64-fedora-clang | 1.5.13 | 234.12 | NOTE | |||
r-devel-linux-x86_64-fedora-gcc | 1.5.13 | 227.12 | NOTE | |||
r-devel-windows-x86_64 | 1.5.13 | 22.00 | 201.00 | 223.00 | OK | |
r-patched-linux-x86_64 | 1.5.13 | 13.91 | 178.85 | 192.76 | OK | |
r-release-linux-x86_64 | 1.5.13 | 8.65 | 174.62 | 183.27 | OK | |
r-release-macos-arm64 | 1.5.13 | 62.00 | NOTE | |||
r-release-macos-x86_64 | 1.5.13 | 101.00 | NOTE | |||
r-release-windows-x86_64 | 1.5.13 | 24.00 | 206.00 | 230.00 | OK | |
r-oldrel-macos-arm64 | 1.5.13 | 91.00 | NOTE | |||
r-oldrel-macos-x86_64 | 1.5.13 | 112.00 | NOTE | |||
r-oldrel-windows-ix86+x86_64 | 1.5.13 | 32.00 | 208.00 | 240.00 | OK |
Version: 1.5.13
Check: dependencies in R code
Result: NOTE
Namespace in Imports field not imported from: ‘e1071’
All declared Imports should be used.
Flavors: r-devel-linux-x86_64-fedora-clang, r-devel-linux-x86_64-fedora-gcc, r-release-macos-arm64, r-release-macos-x86_64, r-oldrel-macos-arm64, r-oldrel-macos-x86_64
Version: 1.5.13
Check: package dependencies
Result: NOTE
Package suggested but not available for checking: ‘RWeka’
Flavor: r-release-macos-x86_64