Last updated on 2024-04-19 11:56:50 CEST.
Flavor | Version | Tinstall | Tcheck | Ttotal | Status | Flags |
---|---|---|---|---|---|---|
r-devel-linux-x86_64-debian-clang | 1.5.13 | 12.75 | 178.34 | 191.09 | OK | |
r-devel-linux-x86_64-debian-gcc | 1.5.13 | OK | ||||
r-devel-linux-x86_64-fedora-clang | 1.5.13 | 234.83 | NOTE | |||
r-devel-linux-x86_64-fedora-gcc | 1.5.13 | 234.09 | NOTE | |||
r-prerel-macos-arm64 | 1.5.13 | 74.00 | OK | |||
r-prerel-windows-x86_64 | 1.5.13 | 12.00 | 142.00 | 154.00 | OK | |
r-patched-linux-x86_64 | 1.5.13 | 8.67 | 166.75 | 175.42 | OK | |
r-release-linux-x86_64 | 1.5.13 | 8.66 | 167.96 | 176.62 | OK | |
r-release-macos-arm64 | 1.5.13 | 77.00 | OK | |||
r-release-macos-x86_64 | 1.5.13 | 144.00 | OK | |||
r-release-windows-x86_64 | 1.5.13 | 16.00 | 178.00 | 194.00 | OK | |
r-oldrel-macos-arm64 | 1.5.13 | 62.00 | NOTE | |||
r-oldrel-windows-x86_64 | 1.5.13 | 16.00 | 179.00 | 195.00 | OK |
Version: 1.5.13
Check: dependencies in R code
Result: NOTE
Namespace in Imports field not imported from: ‘e1071’
All declared Imports should be used.
Flavors: r-devel-linux-x86_64-fedora-clang, r-devel-linux-x86_64-fedora-gcc, r-oldrel-macos-arm64