Last updated on 2024-04-23 05:58:16 CEST.
Flavor | Version | Tinstall | Tcheck | Ttotal | Status | Flags |
---|---|---|---|---|---|---|
r-devel-linux-x86_64-debian-clang | 1.0.0 | 6.70 | 129.00 | 135.70 | OK | |
r-devel-linux-x86_64-debian-gcc | 1.0.0 | 4.63 | 95.75 | 100.38 | OK | |
r-devel-linux-x86_64-fedora-clang | 1.0.0 | 173.54 | NOTE | |||
r-devel-linux-x86_64-fedora-gcc | 1.0.0 | 179.95 | NOTE | |||
r-prerel-macos-arm64 | 1.0.0 | 55.00 | OK | |||
r-prerel-windows-x86_64 | 1.0.0 | 7.00 | 122.00 | 129.00 | OK | |
r-patched-linux-x86_64 | 1.0.0 | 6.92 | 121.93 | 128.85 | OK | |
r-release-linux-x86_64 | 1.0.0 | 5.46 | 123.49 | 128.95 | OK | |
r-release-macos-arm64 | 1.0.0 | 56.00 | OK | |||
r-release-macos-x86_64 | 1.0.0 | 83.00 | OK | |||
r-release-windows-x86_64 | 1.0.0 | 8.00 | 143.00 | 151.00 | OK | |
r-oldrel-macos-arm64 | 1.0.0 | 57.00 | OK | |||
r-oldrel-windows-x86_64 | 1.0.0 | 9.00 | 141.00 | 150.00 | OK |
Version: 1.0.0
Check: data for non-ASCII characters
Result: NOTE
Note: found 888 marked UTF-8 strings
Flavors: r-devel-linux-x86_64-fedora-clang, r-devel-linux-x86_64-fedora-gcc