Last updated on 2024-03-28 06:52:52 CET.
Flavor | Version | Tinstall | Tcheck | Ttotal | Status | Flags |
---|---|---|---|---|---|---|
r-devel-linux-x86_64-debian-clang | 1.0-0 | 2.26 | 33.43 | 35.69 | NOTE | |
r-devel-linux-x86_64-debian-gcc | 1.0-0 | 2.05 | 26.47 | 28.52 | NOTE | |
r-devel-linux-x86_64-fedora-clang | 1.0-0 | 47.61 | NOTE | |||
r-devel-linux-x86_64-fedora-gcc | 1.0-0 | 59.58 | NOTE | |||
r-devel-windows-x86_64 | 1.0-0 | 3.00 | 47.00 | 50.00 | NOTE | |
r-patched-linux-x86_64 | 1.0-0 | 2.65 | 31.39 | 34.04 | NOTE | |
r-release-linux-x86_64 | 1.0-0 | 1.93 | 31.68 | 33.61 | NOTE | |
r-release-macos-arm64 | 1.0-0 | 27.00 | NOTE | |||
r-release-macos-x86_64 | 1.0-0 | 33.00 | NOTE | |||
r-release-windows-x86_64 | 1.0-0 | 4.00 | 49.00 | 53.00 | NOTE | |
r-oldrel-macos-arm64 | 1.0-0 | 19.00 | NOTE | |||
r-oldrel-windows-x86_64 | 1.0-0 | 4.00 | 55.00 | 59.00 | NOTE |
Version: 1.0-0
Check: LazyData
Result: NOTE
'LazyData' is specified without a 'data' directory
Flavors: r-devel-linux-x86_64-debian-clang, r-devel-linux-x86_64-debian-gcc, r-devel-linux-x86_64-fedora-clang, r-devel-linux-x86_64-fedora-gcc, r-devel-windows-x86_64, r-patched-linux-x86_64, r-release-linux-x86_64, r-release-macos-arm64, r-release-macos-x86_64, r-release-windows-x86_64, r-oldrel-macos-arm64, r-oldrel-windows-x86_64