CRAN Package Check Results for Package linguisticsdown

Last updated on 2021-10-24 06:51:54 CEST.

Flavor Version Tinstall Tcheck Ttotal Status Flags
r-devel-linux-x86_64-debian-clang 1.2.0 3.22 34.65 37.87 NOTE
r-devel-linux-x86_64-debian-gcc 1.2.0 3.16 27.97 31.13 NOTE
r-devel-linux-x86_64-fedora-clang 1.2.0 58.15 NOTE
r-devel-linux-x86_64-fedora-gcc 1.2.0 46.83 NOTE
r-devel-windows-x86_64 1.2.0 7.00 59.00 66.00 NOTE
r-devel-windows-x86_64-gcc10-UCRT 1.2.0 NOTE
r-patched-linux-x86_64 1.2.0 3.73 34.05 37.78 NOTE
r-patched-solaris-x86 1.2.0 75.70 NOTE
r-release-linux-x86_64 1.2.0 3.60 33.75 37.35 NOTE
r-release-macos-arm64 1.2.0 NOTE
r-release-macos-x86_64 1.2.0 NOTE
r-release-windows-ix86+x86_64 1.2.0 8.00 59.00 67.00 NOTE
r-oldrel-macos-x86_64 1.2.0 OK
r-oldrel-windows-ix86+x86_64 1.2.0 11.00 66.00 77.00 OK

Check Details

Version: 1.2.0
Check: LazyData
Result: NOTE
     'LazyData' is specified without a 'data' directory
Flavors: r-devel-linux-x86_64-debian-clang, r-devel-linux-x86_64-debian-gcc, r-devel-linux-x86_64-fedora-clang, r-devel-linux-x86_64-fedora-gcc, r-devel-windows-x86_64, r-devel-windows-x86_64-gcc10-UCRT, r-patched-linux-x86_64, r-patched-solaris-x86, r-release-linux-x86_64, r-release-macos-arm64, r-release-macos-x86_64, r-release-windows-ix86+x86_64